CRAN Package Check Results for Package simgof

Last updated on 2021-08-05 16:49:34 CEST.

Flavor Version Tinstall Tcheck Ttotal Status Flags
r-devel-linux-x86_64-debian-clang 1.0.2 2.02 23.51 25.53 NOTE
r-devel-linux-x86_64-debian-gcc 1.0.2 1.89 18.27 20.16 NOTE
r-devel-linux-x86_64-fedora-clang 1.0.2 39.54 NOTE
r-devel-linux-x86_64-fedora-gcc 1.0.2 29.23 NOTE
r-devel-windows-x86_64 1.0.2 5.00 32.00 37.00 NOTE
r-devel-windows-x86_64-gcc10-UCRT 1.0.2 NOTE
r-patched-linux-x86_64 1.0.2 2.06 22.51 24.57 NOTE
r-patched-solaris-x86 1.0.2 47.30 NOTE
r-release-linux-x86_64 1.0.2 2.19 22.61 24.80 NOTE
r-release-macos-arm64 1.0.2 NOTE
r-release-macos-x86_64 1.0.2 NOTE
r-release-windows-ix86+x86_64 1.0.2 5.00 30.00 35.00 NOTE
r-oldrel-macos-x86_64 1.0.2 OK
r-oldrel-windows-ix86+x86_64 1.0.2 4.00 45.00 49.00 OK

Check Details

Version: 1.0.2
Check: LazyData
Result: NOTE
     'LazyData' is specified without a 'data' directory
Flavors: r-devel-linux-x86_64-debian-clang, r-devel-linux-x86_64-debian-gcc, r-devel-linux-x86_64-fedora-clang, r-devel-linux-x86_64-fedora-gcc, r-devel-windows-x86_64, r-devel-windows-x86_64-gcc10-UCRT, r-patched-linux-x86_64, r-patched-solaris-x86, r-release-linux-x86_64, r-release-macos-arm64, r-release-macos-x86_64, r-release-windows-ix86+x86_64