CRAN Package Check Results for Package simmer

Last updated on 2021-09-17 13:53:38 CEST.

Flavor Version Tinstall Tcheck Ttotal Status Flags
r-devel-linux-x86_64-debian-clang 4.4.3 152.94 104.18 257.12 OK
r-devel-linux-x86_64-debian-gcc 4.4.3 107.84 78.27 186.11 OK
r-devel-linux-x86_64-fedora-clang 4.4.3 323.58 NOTE
r-devel-linux-x86_64-fedora-gcc 4.4.3 313.74 OK
r-devel-windows-x86_64 4.4.3 128.00 159.00 287.00 OK
r-devel-windows-x86_64-gcc10-UCRT 4.4.3 OK
r-patched-linux-x86_64 4.4.3 135.37 110.12 245.49 OK
r-patched-solaris-x86 4.4.3 241.10 OK
r-release-linux-x86_64 4.4.3 137.39 109.35 246.74 OK
r-release-macos-arm64 4.4.3 NOTE
r-release-macos-x86_64 4.4.3 NOTE
r-release-windows-ix86+x86_64 4.4.3 310.00 142.00 452.00 NOTE
r-oldrel-macos-x86_64 4.4.3 NOTE
r-oldrel-windows-ix86+x86_64 4.4.3 312.00 136.00 448.00 NOTE

Check Details

Version: 4.4.3
Check: installed package size
Result: NOTE
     installed size is 12.3Mb
     sub-directories of 1Mb or more:
     doc 1.7Mb
     libs 10.1Mb
Flavors: r-devel-linux-x86_64-fedora-clang, r-release-macos-arm64, r-release-macos-x86_64, r-release-windows-ix86+x86_64, r-oldrel-macos-x86_64, r-oldrel-windows-ix86+x86_64