CRAN Package Check Results for Package simmer.plot

Last updated on 2021-09-23 13:55:06 CEST.

Flavor Version Tinstall Tcheck Ttotal Status Flags
r-devel-linux-x86_64-debian-clang 0.1.16 5.81 81.72 87.53 OK
r-devel-linux-x86_64-debian-gcc 0.1.16 4.64 60.35 64.99 OK
r-devel-linux-x86_64-fedora-clang 0.1.16 110.77 OK
r-devel-linux-x86_64-fedora-gcc 0.1.16 97.95 OK
r-devel-windows-x86_64 0.1.16 8.00 80.00 88.00 OK
r-devel-windows-x86_64-gcc10-UCRT 0.1.16 ERROR
r-patched-linux-x86_64 0.1.16 11.89 75.53 87.42 OK
r-patched-solaris-x86 0.1.16 143.40 OK
r-release-linux-x86_64 0.1.16 5.91 75.38 81.29 OK
r-release-macos-arm64 0.1.16 OK
r-release-macos-x86_64 0.1.16 OK
r-release-windows-ix86+x86_64 0.1.16 14.00 77.00 91.00 OK
r-oldrel-macos-x86_64 0.1.16 OK
r-oldrel-windows-ix86+x86_64 0.1.16 11.00 77.00 88.00 OK

Check Details

Version: 0.1.16
Check: package dependencies
Result: ERROR
    Package required but not available: 'DiagrammeR'
    
    See section 'The DESCRIPTION file' in the 'Writing R Extensions'
    manual.
Flavor: r-devel-windows-x86_64-gcc10-UCRT