CRAN Package Check Results for Package simode

Last updated on 2024-02-21 15:50:59 CET.

Flavor Version Tinstall Tcheck Ttotal Status Flags
r-devel-linux-x86_64-debian-clang 1.2.2 OK
r-devel-linux-x86_64-debian-gcc 1.2.2 9.35 73.46 82.81 OK
r-devel-linux-x86_64-fedora-clang 1.2.2 132.14 NOTE
r-devel-linux-x86_64-fedora-gcc 1.2.2 156.71 NOTE
r-devel-windows-x86_64 1.2.2 11.00 92.00 103.00 OK
r-patched-linux-x86_64 1.2.0 6.19 241.80 247.99 NOTE
r-release-linux-x86_64 1.2.2 11.99 93.09 105.08 OK
r-release-macos-arm64 1.2.2 48.00 OK
r-release-macos-x86_64 1.2.2 105.00 OK
r-release-windows-x86_64 1.2.2 13.00 112.00 125.00 OK
r-oldrel-macos-arm64 1.2.2 45.00 OK
r-oldrel-windows-x86_64 1.2.2 14.00 104.00 118.00 OK

Check Details

Version: 1.2.2
Check: dependencies in R code
Result: NOTE Namespace in Imports field not imported from: ‘quadprog’ All declared Imports should be used. Flavors: r-devel-linux-x86_64-fedora-clang, r-devel-linux-x86_64-fedora-gcc

Version: 1.2.0
Check: package dependencies
Result: NOTE Packages suggested but not available for checking: 'Rcgmin', 'Rvmmin' Flavor: r-patched-linux-x86_64

Version: 1.2.0
Check: Rd cross-references
Result: NOTE Unknown packages ‘Rvmmin’, ‘Rcgmin’ in Rd xrefs Flavor: r-patched-linux-x86_64