CRAN Package Check Results for Package simplexreg

Last updated on 2021-10-18 22:56:20 CEST.

Flavor Version Tinstall Tcheck Ttotal Status Flags
r-devel-linux-x86_64-debian-clang 1.3 5.84 39.96 45.80 OK
r-devel-linux-x86_64-debian-gcc 1.3 4.09 30.30 34.39 OK
r-devel-linux-x86_64-fedora-clang 1.3 64.52 NOTE
r-devel-linux-x86_64-fedora-gcc 1.3 53.70 NOTE
r-devel-windows-x86_64 1.3 9.00 54.00 63.00 OK
r-devel-windows-x86_64-gcc10-UCRT 1.3 OK
r-patched-linux-x86_64 1.3 5.13 38.28 43.41 OK
r-patched-solaris-x86 1.3 77.40 OK
r-release-linux-x86_64 1.3 4.95 39.05 44.00 OK
r-release-macos-arm64 1.3 OK
r-release-macos-x86_64 1.3 OK
r-release-windows-ix86+x86_64 1.3 13.00 60.00 73.00 OK
r-oldrel-macos-x86_64 1.3 OK
r-oldrel-windows-ix86+x86_64 1.3 13.00 55.00 68.00 OK

Check Details

Version: 1.3
Check: compiled code
Result: NOTE
    File ‘simplexreg/libs/simplexreg.so’:
     Found no calls to: ‘R_registerRoutines’, ‘R_useDynamicSymbols’
    
    It is good practice to register native routines and to disable symbol
    search.
    
    See ‘Writing portable packages’ in the ‘Writing R Extensions’ manual.
Flavors: r-devel-linux-x86_64-fedora-clang, r-devel-linux-x86_64-fedora-gcc