CRAN Package Check Results for Package simstudy

Last updated on 2021-09-28 07:48:42 CEST.

Flavor Version Tinstall Tcheck Ttotal Status Flags
r-devel-linux-x86_64-debian-clang 0.2.1 23.78 121.64 145.42 NOTE
r-devel-linux-x86_64-debian-gcc 0.2.1 16.77 82.98 99.75 NOTE
r-devel-linux-x86_64-fedora-clang 0.2.1 175.14 NOTE
r-devel-linux-x86_64-fedora-gcc 0.2.1 155.01 NOTE
r-devel-windows-x86_64 0.2.1 23.00 120.00 143.00 NOTE
r-devel-windows-x86_64-gcc10-UCRT 0.2.1 NOTE
r-patched-linux-x86_64 0.2.1 25.37 137.17 162.54 NOTE
r-patched-solaris-x86 0.2.1 233.00 NOTE
r-release-linux-x86_64 0.2.1 20.00 137.27 157.27 NOTE
r-release-macos-arm64 0.2.1 NOTE
r-release-macos-x86_64 0.2.1 NOTE
r-release-windows-ix86+x86_64 0.2.1 55.00 157.00 212.00 NOTE
r-oldrel-macos-x86_64 0.2.1 OK
r-oldrel-windows-ix86+x86_64 0.2.1 39.00 170.00 209.00 OK

Check Details

Version: 0.2.1
Check: LazyData
Result: NOTE
     'LazyData' is specified without a 'data' directory
Flavors: r-devel-linux-x86_64-debian-clang, r-devel-linux-x86_64-debian-gcc, r-devel-linux-x86_64-fedora-clang, r-devel-linux-x86_64-fedora-gcc, r-devel-windows-x86_64, r-devel-windows-x86_64-gcc10-UCRT, r-patched-linux-x86_64, r-patched-solaris-x86, r-release-linux-x86_64, r-release-macos-arm64, r-release-macos-x86_64, r-release-windows-ix86+x86_64