CRAN Package Check Results for Package simtimer

Last updated on 2024-06-22 16:49:15 CEST.

Flavor Version Tinstall Tcheck Ttotal Status Flags
r-devel-linux-x86_64-debian-clang 4.0.0 2.17 26.94 29.11 NOTE
r-devel-linux-x86_64-debian-gcc 4.0.0 1.63 21.45 23.08 NOTE
r-devel-linux-x86_64-fedora-clang 4.0.0 38.60 NOTE
r-devel-linux-x86_64-fedora-gcc 4.0.0 48.26 NOTE
r-devel-windows-x86_64 4.0.0 2.00 43.00 45.00 NOTE
r-patched-linux-x86_64 4.0.0 2.27 26.60 28.87 NOTE
r-release-linux-x86_64 4.0.0 1.95 26.08 28.03 NOTE
r-release-macos-arm64 4.0.0 22.00 NOTE
r-release-macos-x86_64 4.0.0 33.00 NOTE
r-release-windows-x86_64 4.0.0 3.00 44.00 47.00 NOTE
r-oldrel-macos-arm64 4.0.0 23.00 NOTE
r-oldrel-macos-x86_64 4.0.0 32.00 NOTE
r-oldrel-windows-x86_64 4.0.0 3.00 44.00 47.00 NOTE

Check Details

Version: 4.0.0
Check: LazyData
Result: NOTE 'LazyData' is specified without a 'data' directory Flavors: r-devel-linux-x86_64-debian-clang, r-devel-linux-x86_64-debian-gcc, r-devel-linux-x86_64-fedora-clang, r-devel-linux-x86_64-fedora-gcc, r-devel-windows-x86_64, r-patched-linux-x86_64, r-release-linux-x86_64, r-release-macos-arm64, r-release-macos-x86_64, r-release-windows-x86_64, r-oldrel-macos-arm64, r-oldrel-macos-x86_64, r-oldrel-windows-x86_64