CRAN Package Check Results for Package sirus

Last updated on 2021-09-22 13:53:05 CEST.

Flavor Version Tinstall Tcheck Ttotal Status Flags
r-devel-linux-x86_64-debian-clang 0.3.2 113.46 121.90 235.36 OK
r-devel-linux-x86_64-debian-gcc 0.3.2 76.04 90.45 166.49 OK
r-devel-linux-x86_64-fedora-clang 0.3.2 319.88 NOTE
r-devel-linux-x86_64-fedora-gcc 0.3.2 289.72 OK
r-devel-windows-x86_64 0.3.2 101.00 111.00 212.00 OK
r-devel-windows-x86_64-gcc10-UCRT 0.3.2 ERROR
r-patched-linux-x86_64 0.3.2 92.81 113.55 206.36 OK
r-patched-solaris-x86 0.3.2 349.60 OK
r-release-linux-x86_64 0.3.2 89.51 115.10 204.61 OK
r-release-macos-arm64 0.3.2 NOTE
r-release-macos-x86_64 0.3.2 NOTE
r-release-windows-ix86+x86_64 0.3.2 245.00 162.00 407.00 OK
r-oldrel-macos-x86_64 0.3.2 NOTE
r-oldrel-windows-ix86+x86_64 0.3.2 179.00 162.00 341.00 OK

Check Details

Version: 0.3.2
Check: installed package size
Result: NOTE
     installed size is 6.9Mb
     sub-directories of 1Mb or more:
     libs 6.6Mb
Flavors: r-devel-linux-x86_64-fedora-clang, r-release-macos-arm64, r-release-macos-x86_64, r-oldrel-macos-x86_64

Version: 0.3.2
Check: Rd cross-references
Result: NOTE
    Undeclared package ‘ranger’ in Rd xrefs
Flavor: r-devel-linux-x86_64-fedora-clang

Version: 0.3.2
Check: whether package can be installed
Result: ERROR
    Installation failed.
Flavor: r-devel-windows-x86_64-gcc10-UCRT