CRAN Package Check Results for Package sismonr

Last updated on 2021-09-22 10:51:57 CEST.

Flavor Version Tinstall Tcheck Ttotal Status Flags
r-devel-linux-x86_64-debian-clang 2.1.0 7.72 76.46 84.18 NOTE
r-devel-linux-x86_64-debian-gcc 2.1.0 6.18 56.97 63.15 NOTE
r-devel-linux-x86_64-fedora-clang 2.1.0 109.04 NOTE
r-devel-linux-x86_64-fedora-gcc 2.1.0 96.37 NOTE
r-devel-windows-x86_64 2.1.0 14.00 105.00 119.00 NOTE
r-devel-windows-x86_64-gcc10-UCRT 2.1.0 ERROR
r-patched-linux-x86_64 2.1.0 9.34 70.06 79.40 NOTE
r-patched-solaris-x86 2.1.0 135.20 NOTE
r-release-linux-x86_64 2.1.0 7.44 70.90 78.34 NOTE
r-release-macos-arm64 2.1.0 NOTE
r-release-macos-x86_64 2.1.0 NOTE
r-release-windows-ix86+x86_64 2.1.0 26.00 106.00 132.00 NOTE
r-oldrel-macos-x86_64 2.1.0 OK
r-oldrel-windows-ix86+x86_64 2.1.0 19.00 102.00 121.00 OK

Check Details

Version: 2.1.0
Check: LazyData
Result: NOTE
     'LazyData' is specified without a 'data' directory
Flavors: r-devel-linux-x86_64-debian-clang, r-devel-linux-x86_64-debian-gcc, r-devel-linux-x86_64-fedora-clang, r-devel-linux-x86_64-fedora-gcc, r-devel-windows-x86_64, r-patched-linux-x86_64, r-patched-solaris-x86, r-release-linux-x86_64, r-release-macos-arm64, r-release-macos-x86_64, r-release-windows-ix86+x86_64

Version: 2.1.0
Check: package dependencies
Result: ERROR
    Package required but not available: 'igraph'
    
    See section 'The DESCRIPTION file' in the 'Writing R Extensions'
    manual.
Flavor: r-devel-windows-x86_64-gcc10-UCRT