CRAN Package Check Results for Package sitmo

Last updated on 2021-09-26 04:50:46 CEST.

Flavor Version Tinstall Tcheck Ttotal Status Flags
r-devel-linux-x86_64-debian-clang 2.0.1 32.97 58.30 91.27 NOTE
r-devel-linux-x86_64-debian-gcc 2.0.1 19.18 44.62 63.80 NOTE
r-devel-linux-x86_64-fedora-clang 2.0.1 129.57 NOTE
r-devel-linux-x86_64-fedora-gcc 2.0.1 112.79 NOTE
r-devel-windows-x86_64 2.0.1 36.00 79.00 115.00 NOTE
r-devel-windows-x86_64-gcc10-UCRT 2.0.1 NOTE
r-patched-linux-x86_64 2.0.1 24.05 60.32 84.37 NOTE
r-patched-solaris-x86 2.0.1 179.50 NOTE
r-release-linux-x86_64 2.0.1 23.54 59.39 82.93 NOTE
r-release-macos-arm64 2.0.1 NOTE
r-release-macos-x86_64 2.0.1 NOTE
r-release-windows-ix86+x86_64 2.0.1 81.00 88.00 169.00 NOTE
r-oldrel-macos-x86_64 2.0.1 OK
r-oldrel-windows-ix86+x86_64 2.0.1 79.00 88.00 167.00 OK

Check Details

Version: 2.0.1
Check: LazyData
Result: NOTE
     'LazyData' is specified without a 'data' directory
Flavors: r-devel-linux-x86_64-debian-clang, r-devel-linux-x86_64-debian-gcc, r-devel-linux-x86_64-fedora-clang, r-devel-linux-x86_64-fedora-gcc, r-devel-windows-x86_64, r-devel-windows-x86_64-gcc10-UCRT, r-patched-linux-x86_64, r-patched-solaris-x86, r-release-linux-x86_64, r-release-macos-arm64, r-release-macos-x86_64, r-release-windows-ix86+x86_64