CRAN Package Check Results for Package smartmap

Last updated on 2021-12-04 06:51:09 CET.

Flavor Version Tinstall Tcheck Ttotal Status Flags
r-devel-linux-x86_64-debian-clang 0.1.1 4.30 64.12 68.42 NOTE
r-devel-linux-x86_64-debian-gcc 0.1.1 3.88 48.96 52.84 NOTE
r-devel-linux-x86_64-fedora-clang 0.1.1 87.79 NOTE
r-devel-linux-x86_64-fedora-gcc 0.1.1 75.39 NOTE
r-devel-windows-x86_64-new-UL 0.1.1 14.00 91.00 105.00 NOTE
r-devel-windows-x86_64-new-TK 0.1.1 NOTE
r-devel-windows-x86_64-old 0.1.1 10.00 58.00 68.00 NOTE
r-patched-linux-x86_64 0.1.1 4.87 53.49 58.36 NOTE
r-release-linux-x86_64 0.1.1 4.20 52.19 56.39 NOTE
r-release-macos-arm64 0.1.1 NOTE
r-release-macos-x86_64 0.1.1 NOTE
r-release-windows-ix86+x86_64 0.1.1 15.00 72.00 87.00 NOTE
r-oldrel-macos-x86_64 0.1.1 OK
r-oldrel-windows-ix86+x86_64 0.1.1 15.00 74.00 89.00 OK

Check Details

Version: 0.1.1
Check: LazyData
Result: NOTE
     'LazyData' is specified without a 'data' directory
Flavors: r-devel-linux-x86_64-debian-clang, r-devel-linux-x86_64-debian-gcc, r-devel-linux-x86_64-fedora-clang, r-devel-linux-x86_64-fedora-gcc, r-devel-windows-x86_64-new-UL, r-devel-windows-x86_64-new-TK, r-devel-windows-x86_64-old, r-patched-linux-x86_64, r-release-linux-x86_64, r-release-macos-arm64, r-release-macos-x86_64, r-release-windows-ix86+x86_64