CRAN Package Check Results for Package smartsnp

Last updated on 2021-10-18 22:56:20 CEST.

Flavor Version Tinstall Tcheck Ttotal Status Flags
r-devel-linux-x86_64-debian-clang 1.1.0 26.58 62.64 89.22 NOTE
r-devel-linux-x86_64-debian-gcc 1.1.0 21.42 45.75 67.17 NOTE
r-devel-linux-x86_64-fedora-clang 1.1.0 133.71 NOTE
r-devel-linux-x86_64-fedora-gcc 1.1.0 111.88 NOTE
r-devel-windows-x86_64 1.1.0 49.00 82.00 131.00 NOTE
r-devel-windows-x86_64-gcc10-UCRT 1.1.0 NOTE
r-patched-linux-x86_64 1.1.0 25.49 57.67 83.16 NOTE
r-patched-solaris-x86 1.1.0 146.80 NOTE
r-release-linux-x86_64 1.1.0 25.21 59.41 84.62 NOTE
r-release-macos-arm64 1.1.0 NOTE
r-release-macos-x86_64 1.1.0 NOTE
r-release-windows-ix86+x86_64 1.1.0 98.00 125.00 223.00 NOTE
r-oldrel-macos-x86_64 1.1.0 OK
r-oldrel-windows-ix86+x86_64 1.1.0 81.00 126.00 207.00 OK

Check Details

Version: 1.1.0
Check: LazyData
Result: NOTE
     'LazyData' is specified without a 'data' directory
Flavors: r-devel-linux-x86_64-debian-clang, r-devel-linux-x86_64-debian-gcc, r-devel-linux-x86_64-fedora-clang, r-devel-linux-x86_64-fedora-gcc, r-devel-windows-x86_64, r-devel-windows-x86_64-gcc10-UCRT, r-patched-linux-x86_64, r-patched-solaris-x86, r-release-linux-x86_64, r-release-macos-arm64, r-release-macos-x86_64, r-release-windows-ix86+x86_64