CRAN Package Check Results for Package smcfcs

Last updated on 2021-11-28 03:54:21 CET.

Flavor Version Tinstall Tcheck Ttotal Status Flags
r-devel-linux-x86_64-debian-clang 1.6.0 OK
r-devel-linux-x86_64-debian-gcc 1.6.0 7.23 98.71 105.94 OK
r-devel-linux-x86_64-fedora-clang 1.6.0 179.01 NOTE
r-devel-linux-x86_64-fedora-gcc 1.6.0 170.53 OK
r-devel-windows-x86_64-new-UL 1.6.0 19.00 178.00 197.00 OK
r-devel-windows-x86_64-new-TK 1.6.0 OK
r-devel-windows-x86_64-old 1.6.0 12.00 169.00 181.00 OK
r-patched-linux-x86_64 1.6.0 10.30 129.15 139.45 OK
r-patched-solaris-x86 1.6.0 145.00 OK
r-release-linux-x86_64 1.6.0 OK
r-release-macos-arm64 1.6.0 OK
r-release-macos-x86_64 1.6.0 OK
r-release-windows-ix86+x86_64 1.6.0 19.00 117.00 136.00 OK
r-oldrel-macos-x86_64 1.6.0 OK
r-oldrel-windows-ix86+x86_64 1.6.0 16.00 165.00 181.00 OK

Check Details

Version: 1.6.0
Check: Rd cross-references
Result: NOTE
    Undeclared package ‘mice’ in Rd xrefs
Flavor: r-devel-linux-x86_64-fedora-clang