CRAN Package Check Results for Package smcryptoR

Last updated on 2024-06-22 04:49:09 CEST.

Flavor Version Tinstall Tcheck Ttotal Status Flags
r-devel-linux-x86_64-debian-clang 0.1.2 57.84 28.02 85.86 OK
r-devel-linux-x86_64-debian-gcc 0.1.2 43.96 22.78 66.74 OK
r-devel-linux-x86_64-fedora-clang 0.1.2 123.72 OK
r-devel-linux-x86_64-fedora-gcc 0.1.2 136.73 OK
r-devel-windows-x86_64 0.1.2 46.00 59.00 105.00 OK
r-patched-linux-x86_64 0.1.2 59.92 26.98 86.90 OK
r-release-linux-x86_64 0.1.2 59.08 28.19 87.27 OK
r-release-macos-arm64 0.1.2 40.00 NOTE
r-release-macos-x86_64 0.1.2 58.00 NOTE
r-release-windows-x86_64 0.1.2 48.00 64.00 112.00 OK
r-oldrel-macos-arm64 0.1.2 50.00 NOTE
r-oldrel-macos-x86_64 0.1.2 95.00 NOTE
r-oldrel-windows-x86_64 0.1.2 57.00 72.00 129.00 OK

Check Details

Version: 0.1.2
Check: installed package size
Result: NOTE installed size is 7.2Mb sub-directories of 1Mb or more: libs 7.0Mb Flavors: r-release-macos-arm64, r-release-macos-x86_64, r-oldrel-macos-arm64, r-oldrel-macos-x86_64