CRAN Package Check Results for Package smoots

Last updated on 2021-09-16 16:50:29 CEST.

Flavor Version Tinstall Tcheck Ttotal Status Flags
r-devel-linux-x86_64-debian-clang 1.1.0 64.16 56.73 120.89 OK
r-devel-linux-x86_64-debian-gcc 1.1.0 44.64 41.68 86.32 OK
r-devel-linux-x86_64-fedora-clang 1.1.0 175.64 NOTE
r-devel-linux-x86_64-fedora-gcc 1.1.0 161.11 OK
r-devel-windows-x86_64 1.1.0 62.00 87.00 149.00 OK
r-devel-windows-x86_64-gcc10-UCRT 1.1.0 OK
r-patched-linux-x86_64 1.1.0 50.05 54.27 104.32 OK
r-patched-solaris-x86 1.1.0 166.40 OK
r-release-linux-x86_64 1.1.0 49.74 54.33 104.07 OK
r-release-macos-arm64 1.1.0 OK
r-release-macos-x86_64 1.1.0 OK
r-release-windows-ix86+x86_64 1.1.0 147.00 84.00 231.00 OK
r-oldrel-macos-x86_64 1.1.0 OK
r-oldrel-windows-ix86+x86_64 1.1.0 113.00 106.00 219.00 OK

Check Details

Version: 1.1.0
Check: Rd cross-references
Result: NOTE
    Undeclared package ‘RcppArmadillo’ in Rd xrefs
Flavor: r-devel-linux-x86_64-fedora-clang