CRAN Package Check Results for Package snSMART

Last updated on 2024-07-24 10:34:12 CEST.

Flavor Version Tinstall Tcheck Ttotal Status Flags
r-devel-linux-x86_64-debian-clang 0.2.3 9.90 65.60 75.50 ERROR
r-devel-linux-x86_64-debian-gcc 0.2.3 5.96 60.67 66.63 OK
r-devel-linux-x86_64-fedora-clang 0.2.3 121.43 OK
r-devel-linux-x86_64-fedora-gcc 0.2.3 107.77 OK
r-devel-windows-x86_64 0.2.3 9.00 87.00 96.00 OK
r-patched-linux-x86_64 0.2.3 5.97 78.47 84.44 OK
r-release-linux-x86_64 0.2.3 5.36 77.42 82.78 OK
r-release-macos-arm64 0.2.3 33.00 OK
r-release-macos-x86_64 0.2.3 55.00 OK
r-release-windows-x86_64 0.2.3 7.00 85.00 92.00 OK
r-oldrel-macos-arm64 0.2.3 32.00 OK
r-oldrel-macos-x86_64 0.2.3 74.00 OK
r-oldrel-windows-x86_64 0.2.3 11.00 96.00 107.00 OK

Check Details

Version: 0.2.3
Check: examples
Result: ERROR Running examples in ‘snSMART-Ex.R’ failed The error most likely occurred in: > base::assign(".ptime", proc.time(), pos = "CheckExEnv") > ### Name: BJSM_binary > ### Title: BJSM for snSMART (3 active treatments/placebo and 2 dose level) > ### with binary outcome > ### Aliases: BJSM_binary print.summary.BJSM_binary print.BJSM_binary > ### print.summary.BJSM_dose_binary print.BJSM_dose_binary > > ### ** Examples > > mydata <- data_binary > > BJSM_result <- BJSM_binary( + data = mydata, prior_dist = c("beta", "beta", "pareto"), + pi_prior = c(0.4, 1.6, 0.4, 1.6, 0.4, 1.6), beta_prior = c(1.6, 0.4, 3, 1), + n_MCMC_chain = 1, n.adapt = 1000, MCMC_SAMPLE = 2000, ci = 0.95, + six = TRUE, DTR = TRUE, verbose = FALSE + ) Error in BJSM_binary(data = mydata, prior_dist = c("beta", "beta", "pareto"), : object 'posterior_sample' not found Calls: BJSM_binary -> as.data.frame Execution halted Flavor: r-devel-linux-x86_64-debian-clang