CRAN Package Check Results for Package snow

Last updated on 2021-12-07 00:49:32 CET.

Flavor Version Tinstall Tcheck Ttotal Status Flags
r-devel-linux-x86_64-debian-clang 0.4-4 2.60 31.86 34.46 OK
r-devel-linux-x86_64-debian-gcc 0.4-4 2.22 25.94 28.16 OK
r-devel-linux-x86_64-fedora-clang 0.4-4 45.85 OK
r-devel-linux-x86_64-fedora-gcc 0.4-4 34.36 OK
r-devel-windows-x86_64-new-UL 0.4-4 11.00 55.00 66.00 OK
r-devel-windows-x86_64-new-TK 0.4-4 OK
r-devel-windows-x86_64-old 0.4-4 6.00 31.00 37.00 OK
r-patched-linux-x86_64 0.4-4 2.72 23.15 25.87 OK
r-release-linux-x86_64 0.4-4 2.57 30.91 33.48 OK
r-release-macos-arm64 0.4-4 NOTE
r-release-macos-x86_64 0.4-4 NOTE
r-release-windows-ix86+x86_64 0.4-4 4.00 31.00 35.00 OK
r-oldrel-macos-x86_64 0.4-4 NOTE
r-oldrel-windows-ix86+x86_64 0.4-4 4.00 34.00 38.00 OK

Check Details

Version: 0.4-4
Check: package dependencies
Result: NOTE
    Package which this enhances but not available for checking: ‘Rmpi’
Flavors: r-release-macos-arm64, r-release-macos-x86_64, r-oldrel-macos-x86_64