CRAN Package Check Results for Package soc.ca

Last updated on 2021-09-17 04:49:34 CEST.

Flavor Version Tinstall Tcheck Ttotal Status Flags
r-devel-linux-x86_64-debian-clang 0.8.0 10.58 108.06 118.64 OK
r-devel-linux-x86_64-debian-gcc 0.8.0 7.69 79.35 87.04 OK
r-devel-linux-x86_64-fedora-clang 0.8.0 146.24 NOTE
r-devel-linux-x86_64-fedora-gcc 0.8.0 143.60 NOTE
r-devel-windows-x86_64 0.8.0 32.00 136.00 168.00 OK
r-devel-windows-x86_64-gcc10-UCRT 0.8.0 NOTE
r-patched-linux-x86_64 0.8.0 16.88 98.70 115.58 OK
r-patched-solaris-x86 0.8.0 181.10 NOTE
r-release-linux-x86_64 0.8.0 10.03 99.51 109.54 OK
r-release-macos-arm64 0.8.0 NOTE
r-release-macos-x86_64 0.8.0 NOTE
r-release-windows-ix86+x86_64 0.8.0 24.00 105.00 129.00 OK
r-oldrel-macos-x86_64 0.8.0 NOTE
r-oldrel-windows-ix86+x86_64 0.8.0 15.00 103.00 118.00 OK

Check Details

Version: 0.8.0
Check: dependencies in R code
Result: NOTE
    Namespaces in Imports field not imported from:
     ‘FactoMineR’ ‘flextable’ ‘htmlTable’ ‘stringr’
     All declared Imports should be used.
Flavors: r-devel-linux-x86_64-fedora-clang, r-devel-linux-x86_64-fedora-gcc, r-devel-windows-x86_64-gcc10-UCRT, r-patched-solaris-x86, r-release-macos-arm64, r-release-macos-x86_64, r-oldrel-macos-x86_64

Version: 0.8.0
Check: data for non-ASCII characters
Result: NOTE
     Note: found 938 marked UTF-8 strings
Flavors: r-devel-linux-x86_64-fedora-clang, r-devel-linux-x86_64-fedora-gcc, r-devel-windows-x86_64-gcc10-UCRT, r-patched-solaris-x86, r-release-macos-arm64, r-release-macos-x86_64, r-oldrel-macos-x86_64