CRAN Package Check Results for Package sokoban

Last updated on 2021-09-17 04:49:34 CEST.

Flavor Version Tinstall Tcheck Ttotal Status Flags
r-devel-linux-x86_64-debian-clang 0.1.0 2.65 22.81 25.46 NOTE
r-devel-linux-x86_64-debian-gcc 0.1.0 2.00 17.70 19.70 NOTE
r-devel-linux-x86_64-fedora-clang 0.1.0 38.98 NOTE
r-devel-linux-x86_64-fedora-gcc 0.1.0 30.06 NOTE
r-devel-windows-x86_64 0.1.0 5.00 25.00 30.00 NOTE
r-devel-windows-x86_64-gcc10-UCRT 0.1.0 NOTE
r-patched-linux-x86_64 0.1.0 2.26 22.05 24.31 NOTE
r-patched-solaris-x86 0.1.0 44.80 NOTE
r-release-linux-x86_64 0.1.0 2.44 21.65 24.09 NOTE
r-release-macos-arm64 0.1.0 NOTE
r-release-macos-x86_64 0.1.0 NOTE
r-release-windows-ix86+x86_64 0.1.0 5.00 26.00 31.00 NOTE
r-oldrel-macos-x86_64 0.1.0 OK
r-oldrel-windows-ix86+x86_64 0.1.0 4.00 24.00 28.00 OK

Check Details

Version: 0.1.0
Check: LazyData
Result: NOTE
     'LazyData' is specified without a 'data' directory
Flavors: r-devel-linux-x86_64-debian-clang, r-devel-linux-x86_64-debian-gcc, r-devel-linux-x86_64-fedora-clang, r-devel-linux-x86_64-fedora-gcc, r-devel-windows-x86_64, r-devel-windows-x86_64-gcc10-UCRT, r-patched-linux-x86_64, r-patched-solaris-x86, r-release-linux-x86_64, r-release-macos-arm64, r-release-macos-x86_64, r-release-windows-ix86+x86_64