CRAN Package Check Results for Package sourceR

Last updated on 2021-07-25 04:52:42 CEST.

Flavor Version Tinstall Tcheck Ttotal Status Flags
r-devel-linux-x86_64-debian-clang 1.1.0 45.49 118.07 163.56 OK
r-devel-linux-x86_64-debian-gcc 1.1.0 31.81 83.69 115.50 OK
r-devel-linux-x86_64-fedora-clang 1.1.0 205.50 NOTE
r-devel-linux-x86_64-fedora-gcc 1.1.0 189.73 NOTE
r-devel-windows-x86_64 1.1.0 44.00 113.00 157.00 OK
r-devel-windows-x86_64-gcc10-UCRT 1.1.0 NOTE
r-patched-linux-x86_64 1.1.0 38.01 105.41 143.42 OK
r-patched-solaris-x86 1.1.0 218.40 NOTE
r-release-linux-x86_64 1.1.0 39.53 106.60 146.13 OK
r-release-macos-arm64 1.1.0 NOTE
r-release-macos-x86_64 1.1.0 NOTE
r-release-windows-ix86+x86_64 1.1.0 84.00 214.00 298.00 OK
r-oldrel-macos-x86_64 1.1.0 NOTE
r-oldrel-windows-ix86+x86_64 1.1.0 85.00 213.00 298.00 OK

Check Details

Version: 1.1.0
Check: dependencies in R code
Result: NOTE
    Namespaces in Imports field not imported from:
     ‘gtools’ ‘reshape2’
     All declared Imports should be used.
Flavors: r-devel-linux-x86_64-fedora-clang, r-devel-linux-x86_64-fedora-gcc, r-devel-windows-x86_64-gcc10-UCRT, r-patched-solaris-x86, r-release-macos-arm64, r-release-macos-x86_64, r-oldrel-macos-x86_64

Version: 1.1.0
Check: installed package size
Result: NOTE
     installed size is 5.3Mb
     sub-directories of 1Mb or more:
     doc 1.9Mb
     libs 2.4Mb
Flavor: r-release-macos-arm64