CRAN Package Check Results for Package sp23design

Last updated on 2021-11-27 03:58:12 CET.

Flavor Version Tinstall Tcheck Ttotal Status Flags
r-devel-linux-x86_64-debian-clang 0.9 6.84 66.36 73.20 NOTE
r-devel-linux-x86_64-debian-gcc 0.9 5.71 51.92 57.63 NOTE
r-devel-linux-x86_64-fedora-clang 0.9 100.07 NOTE
r-devel-linux-x86_64-fedora-gcc 0.9 89.86 NOTE
r-devel-windows-x86_64-new-UL 0.9 17.00 103.00 120.00 NOTE
r-devel-windows-x86_64-new-TK 0.9 NOTE
r-devel-windows-x86_64-old 0.9 9.00 85.00 94.00 NOTE
r-patched-linux-x86_64 0.9 8.25 63.75 72.00 NOTE
r-patched-solaris-x86 0.9 124.10 NOTE
r-release-linux-x86_64 0.9 NOTE
r-release-macos-arm64 0.9 NOTE
r-release-macos-x86_64 0.9 NOTE
r-release-windows-ix86+x86_64 0.9 18.00 63.00 81.00 NOTE
r-oldrel-macos-x86_64 0.9 NOTE
r-oldrel-windows-ix86+x86_64 0.9 12.00 85.00 97.00 NOTE

Check Details

Version: 0.9
Check: R code for possible problems
Result: NOTE
    exploreSP23Design: no visible global function definition for
     'txtProgressBar'
    exploreSP23Design: no visible global function definition for
     'setTxtProgressBar'
    generateClinicalTrialData : <anonymous>: no visible global function
     definition for 'runif'
    generateClinicalTrialData: no visible global function definition for
     'rbinom'
    generateClinicalTrialData: no visible global function definition for
     'rexp'
    mHP.b : crossingProbDiff: no visible global function definition for
     'pnorm'
    mHP.b : crossingProbDiff: no visible global function definition for
     'Miwa'
    mHP.b: no visible global function definition for 'qnorm'
    mHP.b: no visible global function definition for 'uniroot'
    mHP.c : crossingProbDiff: no visible global function definition for
     'Miwa'
    mHP.c: no visible global function definition for 'uniroot'
    mHP.c: no visible global function definition for 'qnorm'
    performInterimLook: no visible global function definition for 'optim'
    performInterimLook: no visible global function definition for
     'constrOptim'
    performInterimLook: no visible global function definition for 'qnorm'
    Undefined global functions or variables:
     Miwa constrOptim optim pnorm qnorm rbinom rexp runif
     setTxtProgressBar txtProgressBar uniroot
    Consider adding
     importFrom("stats", "constrOptim", "optim", "pnorm", "qnorm", "rbinom",
     "rexp", "runif", "uniroot")
     importFrom("utils", "setTxtProgressBar", "txtProgressBar")
    to your NAMESPACE file.
Flavors: r-devel-linux-x86_64-debian-clang, r-devel-linux-x86_64-debian-gcc, r-devel-linux-x86_64-fedora-clang, r-devel-linux-x86_64-fedora-gcc, r-devel-windows-x86_64-new-UL, r-devel-windows-x86_64-new-TK, r-devel-windows-x86_64-old, r-patched-linux-x86_64, r-patched-solaris-x86, r-release-linux-x86_64, r-release-macos-arm64, r-release-macos-x86_64, r-release-windows-ix86+x86_64, r-oldrel-macos-x86_64, r-oldrel-windows-ix86+x86_64