CRAN Package Check Results for Package spBayesSurv

Last updated on 2021-09-16 16:50:29 CEST.

Flavor Version Tinstall Tcheck Ttotal Status Flags
r-devel-linux-x86_64-debian-clang 1.1.5 515.90 93.63 609.53 OK
r-devel-linux-x86_64-debian-gcc 1.1.5 371.71 68.26 439.97 OK
r-devel-linux-x86_64-fedora-clang 1.1.5 901.77 NOTE
r-devel-linux-x86_64-fedora-gcc 1.1.5 841.37 NOTE
r-devel-windows-x86_64 1.1.5 465.00 135.00 600.00 OK
r-devel-windows-x86_64-gcc10-UCRT 1.1.5 NOTE
r-patched-linux-x86_64 1.1.5 424.38 87.23 511.61 OK
r-patched-solaris-x86 1.1.5 703.80 NOTE
r-release-linux-x86_64 1.1.5 421.89 88.36 510.25 OK
r-release-macos-arm64 1.1.5 NOTE
r-release-macos-x86_64 1.1.5 NOTE
r-release-windows-ix86+x86_64 1.1.5 1130.00 151.00 1281.00 NOTE
r-oldrel-macos-x86_64 1.1.5 NOTE
r-oldrel-windows-ix86+x86_64 1.1.5 1071.00 191.00 1262.00 NOTE

Check Details

Version: 1.1.5
Check: installed package size
Result: NOTE
     installed size is 27.9Mb
     sub-directories of 1Mb or more:
     libs 27.1Mb
Flavors: r-devel-linux-x86_64-fedora-clang, r-release-macos-arm64, r-release-macos-x86_64, r-release-windows-ix86+x86_64, r-oldrel-macos-x86_64, r-oldrel-windows-ix86+x86_64

Version: 1.1.5
Check: dependencies in R code
Result: NOTE
    Namespace in Imports field not imported from: ‘MASS’
     All declared Imports should be used.
Flavors: r-devel-linux-x86_64-fedora-clang, r-devel-linux-x86_64-fedora-gcc, r-devel-windows-x86_64-gcc10-UCRT, r-patched-solaris-x86, r-release-macos-arm64, r-release-macos-x86_64, r-oldrel-macos-x86_64