CRAN Package Check Results for Package spacyr

Last updated on 2021-10-16 04:57:44 CEST.

Flavor Version Tinstall Tcheck Ttotal Status Flags
r-devel-linux-x86_64-debian-clang 1.2.1 11.39 79.92 91.31 OK
r-devel-linux-x86_64-debian-gcc 1.2.1 8.50 59.41 67.91 OK
r-devel-linux-x86_64-fedora-clang 1.2.1 124.98 NOTE
r-devel-linux-x86_64-fedora-gcc 1.2.1 104.19 NOTE
r-devel-windows-x86_64 1.2.1 13.00 80.00 93.00 OK
r-devel-windows-x86_64-gcc10-UCRT 1.2.1 NOTE
r-patched-linux-x86_64 1.2.1 10.32 75.80 86.12 OK
r-patched-solaris-x86 1.2.1 151.80 NOTE
r-release-linux-x86_64 1.2.1 10.35 74.60 84.95 OK
r-release-macos-arm64 1.2.1 NOTE
r-release-macos-x86_64 1.2.1 NOTE
r-release-windows-ix86+x86_64 1.2.1 21.00 99.00 120.00 OK
r-oldrel-macos-x86_64 1.2.1 NOTE
r-oldrel-windows-ix86+x86_64 1.2.1 22.00 98.00 120.00 OK

Check Details

Version: 1.2.1
Check: data for non-ASCII characters
Result: NOTE
     Note: found 1 marked UTF-8 string
Flavors: r-devel-linux-x86_64-fedora-clang, r-devel-linux-x86_64-fedora-gcc, r-devel-windows-x86_64-gcc10-UCRT, r-patched-solaris-x86, r-release-macos-arm64, r-release-macos-x86_64, r-oldrel-macos-x86_64