CRAN Package Check Results for Package sparkline

Last updated on 2021-10-28 13:58:26 CEST.

Flavor Version Tinstall Tcheck Ttotal Status Flags
r-devel-linux-x86_64-debian-clang 2.0 2.34 25.60 27.94 OK
r-devel-linux-x86_64-debian-gcc 2.0 1.78 20.78 22.56 OK
r-devel-linux-x86_64-fedora-clang 2.0 45.25 OK
r-devel-linux-x86_64-fedora-gcc 2.0 34.96 OK
r-devel-windows-x86_64 2.0 4.00 43.00 47.00 OK
r-devel-windows-x86_64-gcc10-UCRT 2.0 OK
r-patched-linux-x86_64 2.0 2.36 24.96 27.32 OK
r-patched-solaris-x86 2.0 54.70 OK
r-release-linux-x86_64 2.0 1.90 25.06 26.96 OK
r-release-macos-arm64 2.0 OK
r-release-macos-x86_64 2.0 WARN
r-release-windows-ix86+x86_64 2.0 4.00 44.00 48.00 OK
r-oldrel-macos-x86_64 2.0 WARN
r-oldrel-windows-ix86+x86_64 2.0 5.00 50.00 55.00 OK

Check Details

Version: 2.0
Check: re-building of vignette outputs
Result: WARN
    Error(s) in re-building vignettes:
     ...
    --- re-building ‘intro_sparkline.Rmd’ using rmarkdown
    Warning in engine$weave(file, quiet = quiet, encoding = enc) :
     Pandoc (>= 1.12.3) not available. Falling back to R Markdown v1.
    PhantomJS not found. You can install it with webshot::install_phantomjs(). If it is installed, please make sure the phantomjs executable can be found via the PATH variable.
    PhantomJS not found. You can install it with webshot::install_phantomjs(). If it is installed, please make sure the phantomjs executable can be found via the PATH variable.
    Quitting from lines 20-30 (intro_sparkline.Rmd)
    Error: processing vignette 'intro_sparkline.Rmd' failed with diagnostics:
    invalid 'path' argument
    --- failed re-building ‘intro_sparkline.Rmd’
    
    SUMMARY: processing the following file failed:
     ‘intro_sparkline.Rmd’
    
    Error: Vignette re-building failed.
    Execution halted
Flavor: r-release-macos-x86_64

Version: 2.0
Check: re-building of vignette outputs
Result: WARN
    Error(s) in re-building vignettes:
     ...
    --- re-building ‘intro_sparkline.Rmd’ using rmarkdown
    Warning in engine$weave(file, quiet = quiet, encoding = enc) :
     Pandoc (>= 1.12.3) and/or pandoc-citeproc not available. Falling back to R Markdown v1.
    PhantomJS not found. You can install it with webshot::install_phantomjs(). If it is installed, please make sure the phantomjs executable can be found via the PATH variable.
    Warning in normalizePath(f2) :
     path[1]="webshot9895bb23bf.png": No such file or directory
    Warning in file(con, "rb") :
     cannot open file 'webshot9895bb23bf.png': No such file or directory
    Quitting from lines 20-30 (intro_sparkline.Rmd)
    Error: processing vignette 'intro_sparkline.Rmd' failed with diagnostics:
    cannot open the connection
    --- failed re-building ‘intro_sparkline.Rmd’
    
    SUMMARY: processing the following file failed:
     ‘intro_sparkline.Rmd’
    
    Error: Vignette re-building failed.
    Execution halted
Flavor: r-oldrel-macos-x86_64