CRAN Package Check Results for Package sparklyr

Last updated on 2024-02-25 21:49:47 CET.

Flavor Version Tinstall Tcheck Ttotal Status Flags
r-devel-linux-x86_64-debian-clang 1.8.4 35.40 220.39 255.79 NOTE
r-devel-linux-x86_64-debian-gcc 1.8.4 27.99 162.51 190.50 OK
r-devel-linux-x86_64-fedora-clang 1.8.4 334.79 NOTE
r-devel-linux-x86_64-fedora-gcc 1.8.4 295.63 OK
r-devel-windows-x86_64 1.8.4 33.00 219.00 252.00 NOTE
r-patched-linux-x86_64 1.8.4 39.66 210.87 250.53 OK
r-release-linux-x86_64 1.8.4 24.38 214.13 238.51 OK
r-release-macos-arm64 1.8.4 95.00 NOTE
r-release-macos-x86_64 1.8.4 163.00 NOTE
r-release-windows-x86_64 1.8.4 44.00 262.00 306.00 NOTE
r-oldrel-macos-arm64 1.8.4 83.00 NOTE
r-oldrel-windows-x86_64 1.8.4 47.00 187.00 234.00 NOTE

Check Details

Version: 1.8.4
Check: package dependencies
Result: NOTE Package suggested but not available for checking: ‘arrow’ Flavor: r-devel-linux-x86_64-debian-clang

Version: 1.8.4
Check: package dependencies
Result: NOTE Imports includes 21 non-default packages. Importing from so many packages makes the package vulnerable to any of them becoming unavailable. Move as many as possible to Suggests and use conditionally. Flavor: r-devel-linux-x86_64-fedora-clang

Version: 1.8.4
Check: installed package size
Result: NOTE installed size is 6.8Mb sub-directories of 1Mb or more: R 1.6Mb java 3.8Mb Flavors: r-devel-linux-x86_64-fedora-clang, r-devel-windows-x86_64, r-release-macos-arm64, r-release-macos-x86_64, r-release-windows-x86_64, r-oldrel-macos-arm64, r-oldrel-windows-x86_64