CRAN Package Check Results for Package sparkxgb

Last updated on 2024-07-21 04:53:35 CEST.

Flavor Version Tinstall Tcheck Ttotal Status Flags
r-devel-linux-x86_64-debian-clang 0.2.0 8.09 65.75 73.84 OK
r-devel-linux-x86_64-debian-gcc 0.2.0 6.19 49.27 55.46 OK
r-devel-linux-x86_64-fedora-clang 0.2.0 95.43 OK
r-devel-linux-x86_64-fedora-gcc 0.2.0 94.69 OK
r-devel-windows-x86_64 0.2.0 10.00 64.00 74.00 NOTE
r-patched-linux-x86_64 0.2.0 12.26 62.38 74.64 OK
r-release-linux-x86_64 0.2.0 5.06 61.60 66.66 OK
r-release-macos-arm64 0.2.0 29.00 OK
r-release-macos-x86_64 0.2.0 45.00 OK
r-release-windows-x86_64 0.2.0 7.00 65.00 72.00 OK
r-oldrel-macos-arm64 0.2.0 36.00 OK
r-oldrel-macos-x86_64 0.2.0 54.00 OK
r-oldrel-windows-x86_64 0.2.0 10.00 72.00 82.00 OK

Check Details

Version: 0.2.0
Check: Rd cross-references
Result: NOTE Found the following Rd file(s) with Rd \link{} targets missing package anchors: xgboost_classifier.Rd: ft_r_formula xgboost_regressor.Rd: ft_r_formula, ml_save Please provide package anchors for all Rd \link{} targets not in the package itself and the base packages. Flavor: r-devel-windows-x86_64