CRAN Package Check Results for Package sparkxgb

Last updated on 2021-08-01 10:51:33 CEST.

Flavor Version Tinstall Tcheck Ttotal Status Flags
r-devel-linux-x86_64-debian-clang 0.1.1 7.13 57.74 64.87 NOTE
r-devel-linux-x86_64-debian-gcc 0.1.1 6.03 44.18 50.21 NOTE
r-devel-linux-x86_64-fedora-clang 0.1.1 86.63 NOTE
r-devel-linux-x86_64-fedora-gcc 0.1.1 74.63 NOTE
r-devel-windows-x86_64 0.1.1 10.00 78.00 88.00 NOTE
r-devel-windows-x86_64-gcc10-UCRT 0.1.1 NOTE
r-patched-linux-x86_64 0.1.1 NOTE
r-patched-solaris-x86 0.1.1 107.80 NOTE
r-release-linux-x86_64 0.1.1 7.38 53.25 60.63 NOTE
r-release-macos-arm64 0.1.1 NOTE
r-release-macos-x86_64 0.1.1 NOTE
r-release-windows-ix86+x86_64 0.1.1 16.00 58.00 74.00 NOTE
r-oldrel-macos-x86_64 0.1.1 OK
r-oldrel-windows-ix86+x86_64 0.1.1 18.00 79.00 97.00 OK

Check Details

Version: 0.1.1
Check: LazyData
Result: NOTE
     'LazyData' is specified without a 'data' directory
Flavors: r-devel-linux-x86_64-debian-clang, r-devel-linux-x86_64-debian-gcc, r-devel-linux-x86_64-fedora-clang, r-devel-linux-x86_64-fedora-gcc, r-devel-windows-x86_64, r-devel-windows-x86_64-gcc10-UCRT, r-patched-linux-x86_64, r-patched-solaris-x86, r-release-linux-x86_64, r-release-macos-arm64, r-release-macos-x86_64, r-release-windows-ix86+x86_64