CRAN Package Check Results for Package spass

Last updated on 2021-09-27 19:50:35 CEST.

Flavor Version Tinstall Tcheck Ttotal Status Flags
r-devel-linux-x86_64-debian-clang 1.3 32.72 112.02 144.74 NOTE
r-devel-linux-x86_64-debian-gcc 1.3 25.61 82.02 107.63 NOTE
r-devel-linux-x86_64-fedora-clang 1.3 190.39 NOTE
r-devel-linux-x86_64-fedora-gcc 1.3 171.70 NOTE
r-devel-windows-x86_64 1.3 30.00 111.00 141.00 NOTE
r-devel-windows-x86_64-gcc10-UCRT 1.3 NOTE
r-patched-linux-x86_64 1.3 29.26 104.37 133.63 NOTE
r-patched-solaris-x86 1.3 224.00 NOTE
r-release-linux-x86_64 1.3 29.41 106.68 136.09 NOTE
r-release-macos-arm64 1.3 NOTE
r-release-macos-x86_64 1.3 NOTE
r-release-windows-ix86+x86_64 1.3 73.00 152.00 225.00 NOTE
r-oldrel-macos-x86_64 1.3 OK
r-oldrel-windows-ix86+x86_64 1.3 51.00 153.00 204.00 OK

Check Details

Version: 1.3
Check: LazyData
Result: NOTE
     'LazyData' is specified without a 'data' directory
Flavors: r-devel-linux-x86_64-debian-clang, r-devel-linux-x86_64-debian-gcc, r-devel-linux-x86_64-fedora-clang, r-devel-linux-x86_64-fedora-gcc, r-devel-windows-x86_64, r-devel-windows-x86_64-gcc10-UCRT, r-patched-linux-x86_64, r-patched-solaris-x86, r-release-linux-x86_64, r-release-macos-arm64, r-release-macos-x86_64, r-release-windows-ix86+x86_64