CRAN Package Check Results for Package spatstat.gui

Last updated on 2024-02-21 15:51:00 CET.

Flavor Version Tinstall Tcheck Ttotal Status Flags
r-devel-linux-x86_64-debian-clang 3.0-1 NOTE
r-devel-linux-x86_64-debian-gcc 3.0-1 8.40 81.21 89.61 NOTE
r-devel-linux-x86_64-fedora-clang 3.0-1 142.24 NOTE
r-devel-linux-x86_64-fedora-gcc 3.0-1 138.32 NOTE
r-devel-windows-x86_64 3.0-1 10.00 92.00 102.00 NOTE
r-patched-linux-x86_64 3.0-1 10.23 104.68 114.91 NOTE
r-release-linux-x86_64 3.0-1 7.04 104.91 111.95 NOTE
r-release-macos-arm64 3.0-1 51.00 NOTE
r-release-macos-x86_64 3.0-1 87.00 NOTE
r-release-windows-x86_64 3.0-1 11.00 109.00 120.00 NOTE
r-oldrel-macos-arm64 3.0-1 65.00 NOTE
r-oldrel-windows-x86_64 3.0-1 13.00 119.00 132.00 NOTE

Check Details

Version: 3.0-1
Check: package dependencies
Result: NOTE Depends: includes the non-default packages: 'spatstat.geom', 'spatstat.random', 'spatstat.explore', 'spatstat.model', 'spatstat.linnet', 'spatstat.data', 'spatstat', 'rpanel', 'tcltk' Adding so many packages to the search path is excessive and importing selectively is preferable. Flavors: r-devel-linux-x86_64-debian-clang, r-devel-linux-x86_64-debian-gcc, r-devel-linux-x86_64-fedora-clang, r-devel-linux-x86_64-fedora-gcc, r-devel-windows-x86_64, r-patched-linux-x86_64, r-release-linux-x86_64, r-release-macos-arm64, r-release-macos-x86_64, r-release-windows-x86_64, r-oldrel-macos-arm64, r-oldrel-windows-x86_64