CRAN Package Check Results for Package spatstat

Last updated on 2023-11-29 15:50:32 CET.

Flavor Version Tinstall Tcheck Ttotal Status Flags
r-devel-linux-x86_64-debian-clang 3.0-7 9.55 192.60 202.15 NOTE
r-devel-linux-x86_64-debian-gcc 3.0-7 7.92 144.90 152.82 NOTE
r-devel-linux-x86_64-fedora-clang 3.0-7 NOTE
r-devel-linux-x86_64-fedora-gcc 3.0-7 258.69 NOTE
r-devel-windows-x86_64 3.0-7 11.00 208.00 219.00 NOTE
r-patched-linux-x86_64 3.0-7 9.60 181.92 191.52 NOTE
r-release-linux-x86_64 3.0-7 6.42 184.60 191.02 NOTE
r-release-macos-arm64 3.0-7 133.00 NOTE
r-release-macos-x86_64 3.0-7 219.00 NOTE
r-release-windows-x86_64 3.0-7 13.00 232.00 245.00 NOTE
r-oldrel-macos-arm64 3.0-7 117.00 NOTE
r-oldrel-macos-x86_64 3.0-6 122.00 NOTE
r-oldrel-windows-x86_64 3.0-7 14.00 226.00 240.00 NOTE

Check Details

Version: 3.0-7
Check: package dependencies
Result: NOTE Depends: includes the non-default packages: 'spatstat.data', 'spatstat.geom', 'spatstat.random', 'spatstat.explore', 'spatstat.model', 'spatstat.linnet' Adding so many packages to the search path is excessive and importing selectively is preferable. Flavors: r-devel-linux-x86_64-debian-clang, r-devel-linux-x86_64-debian-gcc, r-devel-linux-x86_64-fedora-clang, r-devel-linux-x86_64-fedora-gcc, r-devel-windows-x86_64, r-patched-linux-x86_64, r-release-linux-x86_64, r-release-macos-arm64, r-release-macos-x86_64, r-release-windows-x86_64, r-oldrel-macos-arm64, r-oldrel-windows-x86_64

Version: 3.0-7
Check: installed package size
Result: NOTE installed size is 5.4Mb sub-directories of 1Mb or more: doc 4.7Mb Flavors: r-devel-linux-x86_64-fedora-clang, r-devel-windows-x86_64, r-release-macos-arm64, r-release-macos-x86_64, r-release-windows-x86_64, r-oldrel-macos-arm64, r-oldrel-windows-x86_64

Version: 3.0-6
Check: package dependencies
Result: NOTE Depends: includes the non-default packages: 'spatstat.data', 'spatstat.geom', 'spatstat.random', 'spatstat.explore', 'spatstat.model', 'spatstat.linnet' Adding so many packages to the search path is excessive and importing selectively is preferable. Flavor: r-oldrel-macos-x86_64