CRAN Package Check Results for Package spatstat.local

Last updated on 2024-02-22 04:05:05 CET.

Flavor Version Tinstall Tcheck Ttotal Status Flags
r-devel-linux-x86_64-debian-clang 5.0-1 NOTE
r-devel-linux-x86_64-debian-gcc 5.0-1 11.89 132.61 144.50 NOTE
r-devel-linux-x86_64-fedora-clang 5.0-1 228.59 NOTE
r-devel-linux-x86_64-fedora-gcc 5.0-1 227.84 NOTE
r-devel-windows-x86_64 5.0-1 13.00 160.00 173.00 NOTE
r-patched-linux-x86_64 5.0-1 15.29 173.65 188.94 NOTE
r-release-linux-x86_64 5.0-1 9.57 174.29 183.86 NOTE
r-release-macos-arm64 5.0-1 71.00 NOTE
r-release-macos-x86_64 5.0-1 116.00 NOTE
r-release-windows-x86_64 5.0-1 17.00 183.00 200.00 NOTE
r-oldrel-macos-arm64 5.0-1 66.00 NOTE
r-oldrel-windows-x86_64 5.0-1 17.00 189.00 206.00 NOTE

Check Details

Version: 5.0-1
Check: package dependencies
Result: NOTE Depends: includes the non-default packages: 'spatstat.data', 'spatstat.sparse', 'spatstat.geom', 'spatstat.random', 'spatstat.explore', 'spatstat.model', 'spatstat' Adding so many packages to the search path is excessive and importing selectively is preferable. Flavors: r-devel-linux-x86_64-debian-clang, r-devel-linux-x86_64-debian-gcc, r-devel-linux-x86_64-fedora-clang, r-devel-linux-x86_64-fedora-gcc, r-devel-windows-x86_64, r-patched-linux-x86_64, r-release-linux-x86_64, r-release-macos-arm64, r-release-macos-x86_64, r-release-windows-x86_64, r-oldrel-macos-arm64, r-oldrel-windows-x86_64