CRAN Package Check Results for Package spatsurv

Last updated on 2021-09-26 04:50:47 CEST.

Flavor Version Tinstall Tcheck Ttotal Status Flags
r-devel-linux-x86_64-debian-clang 1.6 37.98 289.71 327.69 OK
r-devel-linux-x86_64-debian-gcc 1.6 28.47 212.87 241.34 OK
r-devel-linux-x86_64-fedora-clang 1.6 390.68 NOTE
r-devel-linux-x86_64-fedora-gcc 1.6 328.74 NOTE
r-devel-windows-x86_64 1.6 35.00 228.00 263.00 OK
r-devel-windows-x86_64-gcc10-UCRT 1.6 NOTE
r-patched-linux-x86_64 1.6 34.50 269.22 303.72 OK
r-patched-solaris-x86 1.6 481.10 NOTE
r-release-linux-x86_64 1.6 33.22 271.22 304.44 OK
r-release-macos-arm64 1.6 OK
r-release-macos-x86_64 1.6 NOTE
r-release-windows-ix86+x86_64 1.6 72.00 214.00 286.00 OK
r-oldrel-macos-x86_64 1.6 NOTE
r-oldrel-windows-ix86+x86_64 1.6 47.00 219.00 266.00 OK

Additional issues

M1mac

Check Details

Version: 1.6
Check: dependencies in R code
Result: NOTE
    Namespace in Imports field not imported from: ‘spatstat’
     All declared Imports should be used.
Flavors: r-devel-linux-x86_64-fedora-clang, r-devel-linux-x86_64-fedora-gcc, r-devel-windows-x86_64-gcc10-UCRT, r-patched-solaris-x86, r-release-macos-x86_64, r-oldrel-macos-x86_64