CRAN Package Check Results for Package spdynmod

Last updated on 2021-10-20 04:55:35 CEST.

Flavor Version Tinstall Tcheck Ttotal Status Flags
r-devel-linux-x86_64-debian-clang 1.1.5 22.42 213.09 235.51 NOTE
r-devel-linux-x86_64-debian-gcc 1.1.5 21.74 160.06 181.80 NOTE
r-devel-linux-x86_64-fedora-clang 1.1.5 291.58 NOTE
r-devel-linux-x86_64-fedora-gcc 1.1.5 284.59 NOTE
r-devel-windows-x86_64 1.1.5 37.00 203.00 240.00 NOTE
r-devel-windows-x86_64-gcc10-UCRT 1.1.5 NOTE
r-patched-linux-x86_64 1.1.5 22.85 207.22 230.07 NOTE
r-patched-solaris-x86 1.1.5 169.90 NOTE
r-release-linux-x86_64 1.1.5 21.92 210.69 232.61 NOTE
r-release-macos-arm64 1.1.5 NOTE
r-release-macos-x86_64 1.1.5 NOTE
r-release-windows-ix86+x86_64 1.1.5 32.00 241.00 273.00 NOTE
r-oldrel-macos-x86_64 1.1.5 OK
r-oldrel-windows-ix86+x86_64 1.1.5 22.00 111.00 133.00 OK

Check Details

Version: 1.1.5
Check: LazyData
Result: NOTE
     'LazyData' is specified without a 'data' directory
Flavors: r-devel-linux-x86_64-debian-clang, r-devel-linux-x86_64-debian-gcc, r-devel-linux-x86_64-fedora-clang, r-devel-linux-x86_64-fedora-gcc, r-devel-windows-x86_64, r-devel-windows-x86_64-gcc10-UCRT, r-patched-linux-x86_64, r-patched-solaris-x86, r-release-linux-x86_64, r-release-macos-arm64, r-release-macos-x86_64, r-release-windows-ix86+x86_64