CRAN Package Check Results for Package specmine.datasets

Last updated on 2021-12-02 09:55:23 CET.

Flavor Version Tinstall Tcheck Ttotal Status Flags
r-devel-linux-x86_64-debian-clang 0.0.2 13.74 99.07 112.81 OK
r-devel-linux-x86_64-debian-gcc 0.0.2 14.04 75.45 89.49 OK
r-devel-linux-x86_64-fedora-clang 0.0.2 152.73 NOTE
r-devel-linux-x86_64-fedora-gcc 0.0.2 141.85 NOTE
r-devel-windows-x86_64-new-UL 0.0.2 26.00 132.00 158.00 OK
r-devel-windows-x86_64-new-TK 0.0.2 NOTE
r-devel-windows-x86_64-old 0.0.2 24.00 88.00 112.00 WARN
r-patched-linux-x86_64 0.0.2 15.07 96.94 112.01 OK
r-release-linux-x86_64 0.0.2 17.19 95.57 112.76 OK
r-release-macos-arm64 0.0.2 NOTE
r-release-macos-x86_64 0.0.2 WARN
r-release-windows-ix86+x86_64 0.0.2 21.00 53.00 74.00 WARN
r-oldrel-macos-x86_64 0.0.2 WARN
r-oldrel-windows-ix86+x86_64 0.0.2 25.00 123.00 148.00 WARN

Check Details

Version: 0.0.2
Check: dependencies in R code
Result: NOTE
    Namespace in Imports field not imported from: ‘xcms’
     All declared Imports should be used.
Flavors: r-devel-linux-x86_64-fedora-clang, r-devel-linux-x86_64-fedora-gcc, r-devel-windows-x86_64-new-TK, r-release-macos-arm64, r-release-macos-x86_64, r-oldrel-macos-x86_64

Version: 0.0.2
Check: S3 generic/method consistency
Result: WARN
    Warning in fun(libname, pkgname) :
     mzR has been built against a different Rcpp version (1.0.6)
    than is installed on your system (1.0.7). This might lead to errors
    when loading mzR. If you encounter such issues, please send a report,
    including the output of sessionInfo() to the Bioc support forum at
    https://support.bioconductor.org/. For details see also
    https://github.com/sneumann/mzR/wiki/mzR-Rcpp-compiler-linker-issue.
    See section 'Generic functions and methods' in the 'Writing R
    Extensions' manual.
Flavor: r-devel-windows-x86_64-old

Version: 0.0.2
Check: for code/documentation mismatches
Result: WARN
    Warning in fun(libname, pkgname) :
     mzR has been built against a different Rcpp version (1.0.6)
    than is installed on your system (1.0.7). This might lead to errors
    when loading mzR. If you encounter such issues, please send a report,
    including the output of sessionInfo() to the Bioc support forum at
    https://support.bioconductor.org/. For details see also
    https://github.com/sneumann/mzR/wiki/mzR-Rcpp-compiler-linker-issue.
Flavor: r-devel-windows-x86_64-old

Version: 0.0.2
Check: Rd \usage sections
Result: NOTE
    Warning in fun(libname, pkgname) :
     mzR has been built against a different Rcpp version (1.0.6)
    than is installed on your system (1.0.7). This might lead to errors
    when loading mzR. If you encounter such issues, please send a report,
    including the output of sessionInfo() to the Bioc support forum at
    https://support.bioconductor.org/. For details see also
    https://github.com/sneumann/mzR/wiki/mzR-Rcpp-compiler-linker-issue.
    The \usage entries for S3 methods should use the \method markup and not
    their full name.
    See chapter 'Writing R documentation files' in the 'Writing R
    Extensions' manual.
Flavor: r-devel-windows-x86_64-old

Version: 0.0.2
Check: whether package can be installed
Result: WARN
    Found the following significant warnings:
     Warning: namespace ‘xcms’ is not available and has been replaced
Flavors: r-release-macos-x86_64, r-release-windows-ix86+x86_64

Version: 0.0.2
Check: data for non-ASCII characters
Result: WARN
     Failed with error: 'package 'MSnbase' could not be loaded'
     Error loading dataset 'spinalCord':
     Error in .requirePackage(package) :
     unable to find required package 'xcms'
    
     The dataset(s) may use package(s) not declared in the DESCRIPTION file.
Flavor: r-release-macos-x86_64

Version: 0.0.2
Check: S3 generic/method consistency
Result: WARN
    Warning in fun(libname, pkgname) :
     mzR has been built against a different Rcpp version (1.0.4.6)
    than is installed on your system (1.0.6). This might lead to errors
    when loading mzR. If you encounter such issues, please send a report,
    including the output of sessionInfo() to the Bioc support forum at
    https://support.bioconductor.org/. For details see also
    https://github.com/sneumann/mzR/wiki/mzR-Rcpp-compiler-linker-issue.
    See section ‘Generic functions and methods’ in the ‘Writing R
    Extensions’ manual.
Flavor: r-oldrel-macos-x86_64

Version: 0.0.2
Check: for code/documentation mismatches
Result: WARN
    Warning in fun(libname, pkgname) :
     mzR has been built against a different Rcpp version (1.0.4.6)
    than is installed on your system (1.0.6). This might lead to errors
    when loading mzR. If you encounter such issues, please send a report,
    including the output of sessionInfo() to the Bioc support forum at
    https://support.bioconductor.org/. For details see also
    https://github.com/sneumann/mzR/wiki/mzR-Rcpp-compiler-linker-issue.
Flavor: r-oldrel-macos-x86_64

Version: 0.0.2
Check: Rd \usage sections
Result: NOTE
    Warning in fun(libname, pkgname) :
     mzR has been built against a different Rcpp version (1.0.4.6)
    than is installed on your system (1.0.6). This might lead to errors
    when loading mzR. If you encounter such issues, please send a report,
    including the output of sessionInfo() to the Bioc support forum at
    https://support.bioconductor.org/. For details see also
    https://github.com/sneumann/mzR/wiki/mzR-Rcpp-compiler-linker-issue.
    The \usage entries for S3 methods should use the \method markup and not
    their full name.
    See chapter ‘Writing R documentation files’ in the ‘Writing R
    Extensions’ manual.
Flavor: r-oldrel-macos-x86_64

Version: 0.0.2
Check: S3 generic/method consistency
Result: WARN
    Warning in fun(libname, pkgname) :
     mzR has been built against a different Rcpp version (1.0.5)
    than is installed on your system (1.0.7). This might lead to errors
    when loading mzR. If you encounter such issues, please send a report,
    including the output of sessionInfo() to the Bioc support forum at
    https://support.bioconductor.org/. For details see also
    https://github.com/sneumann/mzR/wiki/mzR-Rcpp-compiler-linker-issue.
    See section 'Generic functions and methods' in the 'Writing R
    Extensions' manual.
Flavor: r-oldrel-windows-ix86+x86_64

Version: 0.0.2
Check: for code/documentation mismatches
Result: WARN
    Warning in fun(libname, pkgname) :
     mzR has been built against a different Rcpp version (1.0.5)
    than is installed on your system (1.0.7). This might lead to errors
    when loading mzR. If you encounter such issues, please send a report,
    including the output of sessionInfo() to the Bioc support forum at
    https://support.bioconductor.org/. For details see also
    https://github.com/sneumann/mzR/wiki/mzR-Rcpp-compiler-linker-issue.
Flavor: r-oldrel-windows-ix86+x86_64

Version: 0.0.2
Check: Rd \usage sections
Result: NOTE
    Warning in fun(libname, pkgname) :
     mzR has been built against a different Rcpp version (1.0.5)
    than is installed on your system (1.0.7). This might lead to errors
    when loading mzR. If you encounter such issues, please send a report,
    including the output of sessionInfo() to the Bioc support forum at
    https://support.bioconductor.org/. For details see also
    https://github.com/sneumann/mzR/wiki/mzR-Rcpp-compiler-linker-issue.
    The \usage entries for S3 methods should use the \method markup and not
    their full name.
    See chapter 'Writing R documentation files' in the 'Writing R
    Extensions' manual.
Flavor: r-oldrel-windows-ix86+x86_64