CRAN Package Check Results for Package specmine

Last updated on 2021-10-16 16:49:37 CEST.

Flavor Version Tinstall Tcheck Ttotal Status Flags
r-devel-linux-x86_64-debian-clang 3.1.6 88.40 235.34 323.74 NOTE
r-devel-linux-x86_64-debian-gcc 3.1.6 83.54 179.12 262.66 NOTE
r-devel-linux-x86_64-fedora-clang 3.1.6 441.48 NOTE
r-devel-linux-x86_64-fedora-gcc 3.1.6 437.57 NOTE
r-devel-windows-x86_64 3.1.6 131.00 244.00 375.00 NOTE
r-devel-windows-x86_64-gcc10-UCRT 3.1.6 ERROR
r-patched-linux-x86_64 3.1.6 89.44 223.65 313.09 NOTE
r-release-linux-x86_64 3.1.6 88.83 225.75 314.58 NOTE
r-release-macos-arm64 3.1.6 NOTE
r-release-macos-x86_64 3.1.6 NOTE
r-release-windows-ix86+x86_64 3.1.6 165.00 316.00 481.00 NOTE
r-oldrel-macos-x86_64 3.1.6 NOTE
r-oldrel-windows-ix86+x86_64 3.1.6 165.00 309.00 474.00 NOTE

Check Details

Version: 3.1.6
Check: package dependencies
Result: NOTE
    Package suggested but not available for checking: 'rcytoscapejs'
Flavors: r-devel-linux-x86_64-debian-clang, r-devel-linux-x86_64-debian-gcc, r-devel-linux-x86_64-fedora-gcc, r-devel-windows-x86_64, r-patched-linux-x86_64, r-release-linux-x86_64, r-release-macos-arm64, r-release-windows-ix86+x86_64, r-oldrel-windows-ix86+x86_64

Version: 3.1.6
Check: package dependencies
Result: NOTE
    Package suggested but not available for checking: ‘rcytoscapejs’
    
    Imports includes 21 non-default packages.
    Importing from so many packages makes the package vulnerable to any of
    them becoming unavailable. Move as many as possible to Suggests and
    use conditionally.
Flavor: r-devel-linux-x86_64-fedora-clang

Version: 3.1.6
Check: dependencies in R code
Result: NOTE
    Namespaces in Imports field not imported from:
     ‘e1071’ ‘specmine.datasets’
     All declared Imports should be used.
Flavors: r-devel-linux-x86_64-fedora-clang, r-devel-linux-x86_64-fedora-gcc, r-release-macos-arm64, r-release-macos-x86_64, r-oldrel-macos-x86_64

Version: 3.1.6
Check: Rd cross-references
Result: NOTE
    Undeclared package ‘hyperSpec’ in Rd xrefs
Flavor: r-devel-linux-x86_64-fedora-clang

Version: 3.1.6
Check: package dependencies
Result: ERROR
    Package required but not available: 'genefilter'
    
    Package suggested but not available for checking: 'rcytoscapejs'
    
    See section 'The DESCRIPTION file' in the 'Writing R Extensions'
    manual.
Flavor: r-devel-windows-x86_64-gcc10-UCRT

Version: 3.1.6
Check: package dependencies
Result: NOTE
    Packages suggested but not available for checking:
     'MAIT', 'KEGGgraph', 'rcytoscapejs'
Flavor: r-release-macos-x86_64

Version: 3.1.6
Check: package dependencies
Result: NOTE
    Packages suggested but not available for checking:
     'MAIT', 'KEGGgraph', 'KEGGREST', 'rcytoscapejs'
Flavor: r-oldrel-macos-x86_64