CRAN Package Check Results for Package spectre

Last updated on 2021-10-19 01:49:53 CEST.

Flavor Version Tinstall Tcheck Ttotal Status Flags
r-devel-linux-x86_64-debian-clang 1.0.2 47.96 35.81 83.77 OK
r-devel-linux-x86_64-debian-gcc 1.0.2 38.72 27.78 66.50 OK
r-devel-linux-x86_64-fedora-clang 1.0.2 137.03 NOTE
r-devel-linux-x86_64-fedora-gcc 1.0.2 123.04 OK
r-devel-windows-x86_64 1.0.2 66.00 64.00 130.00 OK
r-devel-windows-x86_64-gcc10-UCRT 1.0.2 OK
r-patched-linux-x86_64 1.0.2 50.52 36.42 86.94 OK
r-patched-solaris-x86 1.0.2 95.70 OK
r-release-linux-x86_64 1.0.2 47.82 36.88 84.70 OK
r-release-macos-arm64 1.0.2 NOTE
r-release-macos-x86_64 1.0.2 NOTE
r-release-windows-ix86+x86_64 1.0.2 135.00 87.00 222.00 OK
r-oldrel-macos-x86_64 1.0.2 NOTE
r-oldrel-windows-ix86+x86_64 1.0.2 122.00 86.00 208.00 OK

Check Details

Version: 1.0.2
Check: installed package size
Result: NOTE
     installed size is 5.9Mb
     sub-directories of 1Mb or more:
     libs 5.6Mb
Flavors: r-devel-linux-x86_64-fedora-clang, r-release-macos-arm64, r-release-macos-x86_64, r-oldrel-macos-x86_64