CRAN Package Check Results for Package speedglm

Last updated on 2021-08-02 13:55:35 CEST.

Flavor Version Tinstall Tcheck Ttotal Status Flags
r-devel-linux-x86_64-debian-clang 0.3-3 9.09 78.10 87.19 OK
r-devel-linux-x86_64-debian-gcc 0.3-3 7.64 59.14 66.78 OK
r-devel-linux-x86_64-fedora-clang 0.3-3 112.03 NOTE
r-devel-linux-x86_64-fedora-gcc 0.3-3 109.47 OK
r-devel-windows-x86_64 0.3-3 12.00 99.00 111.00 OK
r-devel-windows-x86_64-gcc10-UCRT 0.3-3 OK
r-patched-linux-x86_64 0.3-3 OK
r-patched-solaris-x86 0.3-3 153.10 OK
r-release-linux-x86_64 0.3-3 10.37 75.53 85.90 OK
r-release-macos-arm64 0.3-3 OK
r-release-macos-x86_64 0.3-3 OK
r-release-windows-ix86+x86_64 0.3-3 20.00 68.00 88.00 OK
r-oldrel-macos-x86_64 0.3-3 OK
r-oldrel-windows-ix86+x86_64 0.3-3 14.00 96.00 110.00 OK

Check Details

Version: 0.3-3
Check: Rd cross-references
Result: NOTE
    Undeclared package ‘biglm’ in Rd xrefs
Flavor: r-devel-linux-x86_64-fedora-clang