CRAN Package Check Results for Package splashr

Last updated on 2021-09-20 01:49:09 CEST.

Flavor Version Tinstall Tcheck Ttotal Status Flags
r-devel-linux-x86_64-debian-clang 0.6.0 7.83 75.56 83.39 OK
r-devel-linux-x86_64-debian-gcc 0.6.0 6.70 56.13 62.83 OK
r-devel-linux-x86_64-fedora-clang 0.6.0 109.26 OK
r-devel-linux-x86_64-fedora-gcc 0.6.0 103.72 OK
r-devel-windows-x86_64 0.6.0 10.00 82.00 92.00 OK
r-devel-windows-x86_64-gcc10-UCRT 0.6.0 ERROR
r-patched-linux-x86_64 0.6.0 13.22 71.18 84.40 OK
r-patched-solaris-x86 0.6.0 151.00 OK
r-release-linux-x86_64 0.6.0 8.60 70.85 79.45 OK
r-release-macos-arm64 0.6.0 OK
r-release-macos-x86_64 0.6.0 OK
r-release-windows-ix86+x86_64 0.6.0 19.00 71.00 90.00 OK
r-oldrel-macos-x86_64 0.6.0 OK
r-oldrel-windows-ix86+x86_64 0.6.0 18.00 72.00 90.00 OK

Check Details

Version: 0.6.0
Check: whether package can be installed
Result: WARN
    Found the following significant warnings:
     WARNING: installation-time patches will not be applied, could not get the patches index
Flavor: r-devel-windows-x86_64-gcc10-UCRT

Version: 0.6.0
Check: PDF version of manual
Result: WARN
    LaTeX errors when creating PDF version.
    This typically indicates Rd problems.
Flavor: r-devel-windows-x86_64-gcc10-UCRT

Version: 0.6.0
Check: PDF version of manual without hyperrefs or index
Result: ERROR
    Re-running with no redirection of stdout/stderr.
Flavor: r-devel-windows-x86_64-gcc10-UCRT