CRAN Package Check Results for Package spnn

Last updated on 2021-09-22 04:55:19 CEST.

Flavor Version Tinstall Tcheck Ttotal Status Flags
r-devel-linux-x86_64-debian-clang 1.2.1 31.81 27.27 59.08 OK
r-devel-linux-x86_64-debian-gcc 1.2.1 18.88 21.30 40.18 OK
r-devel-linux-x86_64-fedora-clang 1.2.1 89.54 OK
r-devel-linux-x86_64-fedora-gcc 1.2.1 73.69 OK
r-devel-windows-x86_64 1.2.1 28.00 44.00 72.00 OK
r-devel-windows-x86_64-gcc10-UCRT 1.2.1 ERROR
r-patched-linux-x86_64 1.2.1 22.90 26.29 49.19 OK
r-patched-solaris-x86 1.2.1 85.40 OK
r-release-linux-x86_64 1.2.1 26.48 26.05 52.53 OK
r-release-macos-arm64 1.2.1 OK
r-release-macos-x86_64 1.2.1 OK
r-release-windows-ix86+x86_64 1.2.1 77.00 55.00 132.00 OK
r-oldrel-macos-x86_64 1.2.1 OK
r-oldrel-windows-ix86+x86_64 1.2.1 71.00 53.00 124.00 OK

Check Details

Version: 1.2.1
Check: whether package can be installed
Result: ERROR
    Installation failed.
Flavor: r-devel-windows-x86_64-gcc10-UCRT