CRAN Package Check Results for Package sport

Last updated on 2021-09-26 07:50:23 CEST.

Flavor Version Tinstall Tcheck Ttotal Status Flags
r-devel-linux-x86_64-debian-clang 0.2.0 32.32 102.56 134.88 OK
r-devel-linux-x86_64-debian-gcc 0.2.0 20.67 75.43 96.10 OK
r-devel-linux-x86_64-fedora-clang 0.2.0 170.77 NOTE
r-devel-linux-x86_64-fedora-gcc 0.2.0 155.33 NOTE
r-devel-windows-x86_64 0.2.0 30.00 108.00 138.00 OK
r-devel-windows-x86_64-gcc10-UCRT 0.2.0 NOTE
r-patched-linux-x86_64 0.2.0 25.40 97.07 122.47 OK
r-patched-solaris-x86 0.2.0 192.50 NOTE
r-release-linux-x86_64 0.2.0 24.23 98.87 123.10 OK
r-release-macos-arm64 0.2.0 NOTE
r-release-macos-x86_64 0.2.0 NOTE
r-release-windows-ix86+x86_64 0.2.0 69.00 154.00 223.00 OK
r-oldrel-macos-x86_64 0.2.0 NOTE
r-oldrel-windows-ix86+x86_64 0.2.0 52.00 155.00 207.00 OK

Check Details

Version: 0.2.0
Check: data for non-ASCII characters
Result: NOTE
     Note: found 7587 marked UTF-8 strings
Flavors: r-devel-linux-x86_64-fedora-clang, r-devel-linux-x86_64-fedora-gcc, r-devel-windows-x86_64-gcc10-UCRT, r-patched-solaris-x86, r-release-macos-arm64, r-release-macos-x86_64, r-oldrel-macos-x86_64