CRAN Package Check Results for Package springer

Last updated on 2021-09-22 01:49:13 CEST.

Flavor Version Tinstall Tcheck Ttotal Status Flags
r-devel-linux-x86_64-debian-clang 0.1.5 47.05 32.72 79.77 OK
r-devel-linux-x86_64-debian-gcc 0.1.5 33.02 25.40 58.42 OK
r-devel-linux-x86_64-fedora-clang 0.1.5 126.56 OK
r-devel-linux-x86_64-fedora-gcc 0.1.5 106.37 OK
r-devel-windows-x86_64 0.1.5 45.00 46.00 91.00 OK
r-devel-windows-x86_64-gcc10-UCRT 0.1.5 ERROR
r-patched-linux-x86_64 0.1.5 40.49 31.58 72.07 OK
r-patched-solaris-x86 0.1.5 108.30 OK
r-release-linux-x86_64 0.1.5 40.07 31.84 71.91 OK
r-release-macos-arm64 0.1.5 OK
r-release-macos-x86_64 0.1.5 OK
r-release-windows-ix86+x86_64 0.1.5 106.00 70.00 176.00 OK
r-oldrel-macos-x86_64 0.1.5 OK
r-oldrel-windows-ix86+x86_64 0.1.5 122.00 81.00 203.00 OK

Check Details

Version: 0.1.5
Check: whether package can be installed
Result: ERROR
    Installation failed.
Flavor: r-devel-windows-x86_64-gcc10-UCRT