CRAN Package Check Results for Package sqldf

Last updated on 2024-07-16 16:53:02 CEST.

Flavor Version Tinstall Tcheck Ttotal Status Flags
r-devel-linux-x86_64-debian-clang 0.4-11 7.88 56.44 64.32 NOTE
r-devel-linux-x86_64-debian-gcc 0.4-11 5.65 42.35 48.00 NOTE
r-devel-linux-x86_64-fedora-clang 0.4-11 78.69 NOTE
r-devel-linux-x86_64-fedora-gcc 0.4-11 79.48 NOTE
r-devel-windows-x86_64 0.4-11 7.00 59.00 66.00 NOTE
r-patched-linux-x86_64 0.4-11 7.50 54.00 61.50 NOTE
r-release-linux-x86_64 0.4-11 7.27 53.05 60.32 NOTE
r-release-macos-arm64 0.4-11 33.00 NOTE
r-release-macos-x86_64 0.4-11 43.00 NOTE
r-release-windows-x86_64 0.4-11 6.00 61.00 67.00 NOTE
r-oldrel-macos-arm64 0.4-11 25.00 OK
r-oldrel-macos-x86_64 0.4-11 46.00 OK
r-oldrel-windows-x86_64 0.4-11 7.00 64.00 71.00 OK

Check Details

Version: 0.4-11
Check: Rd files
Result: NOTE checkRd: (-1) sqldf.Rd:248: Lost braces 248 | and code{port} arguments of sqldf. | ^ Flavors: r-devel-linux-x86_64-debian-clang, r-devel-linux-x86_64-debian-gcc, r-devel-linux-x86_64-fedora-clang, r-devel-linux-x86_64-fedora-gcc, r-devel-windows-x86_64, r-patched-linux-x86_64, r-release-linux-x86_64, r-release-macos-arm64, r-release-macos-x86_64, r-release-windows-x86_64