CRAN Package Check Results for Package srt

Last updated on 2021-08-01 10:51:34 CEST.

Flavor Version Tinstall Tcheck Ttotal Status Flags
r-devel-linux-x86_64-debian-clang 1.0.2 1.89 24.86 26.75 NOTE
r-devel-linux-x86_64-debian-gcc 1.0.2 1.39 26.70 28.09 NOTE
r-devel-linux-x86_64-fedora-clang 1.0.2 53.38 NOTE
r-devel-linux-x86_64-fedora-gcc 1.0.2 42.16 NOTE
r-devel-windows-x86_64 1.0.2 4.00 55.00 59.00 NOTE
r-devel-windows-x86_64-gcc10-UCRT 1.0.2 NOTE
r-patched-linux-x86_64 1.0.2 NOTE
r-patched-solaris-x86 1.0.2 63.60 NOTE
r-release-linux-x86_64 1.0.2 1.71 32.98 34.69 NOTE
r-release-macos-arm64 1.0.2 NOTE
r-release-macos-x86_64 1.0.2 NOTE
r-release-windows-ix86+x86_64 1.0.2 4.00 42.00 46.00 NOTE
r-oldrel-macos-x86_64 1.0.2 OK
r-oldrel-windows-ix86+x86_64 1.0.2 5.00 54.00 59.00 OK

Check Details

Version: 1.0.2
Check: LazyData
Result: NOTE
     'LazyData' is specified without a 'data' directory
Flavors: r-devel-linux-x86_64-debian-clang, r-devel-linux-x86_64-debian-gcc, r-devel-linux-x86_64-fedora-clang, r-devel-linux-x86_64-fedora-gcc, r-devel-windows-x86_64, r-devel-windows-x86_64-gcc10-UCRT, r-patched-linux-x86_64, r-patched-solaris-x86, r-release-linux-x86_64, r-release-macos-arm64, r-release-macos-x86_64, r-release-windows-ix86+x86_64