CRAN Package Check Results for Package ssgraph

Last updated on 2024-06-24 22:57:23 CEST.

Flavor Version Tinstall Tcheck Ttotal Status Flags
r-devel-linux-x86_64-debian-clang 1.15 11.53 38.29 49.82 NOTE
r-devel-linux-x86_64-debian-gcc 1.15 7.39 38.36 45.75 NOTE
r-devel-linux-x86_64-fedora-clang 1.15 73.53 NOTE
r-devel-linux-x86_64-fedora-gcc 1.15 80.41 NOTE
r-devel-windows-x86_64 1.15 12.00 63.00 75.00 NOTE
r-patched-linux-x86_64 1.15 11.42 44.57 55.99 NOTE
r-release-linux-x86_64 1.15 9.42 45.74 55.16 NOTE
r-release-macos-arm64 1.15 30.00 NOTE
r-release-macos-x86_64 1.15 41.00 NOTE
r-release-windows-x86_64 1.15 13.00 62.00 75.00 NOTE
r-oldrel-macos-arm64 1.15 28.00 NOTE
r-oldrel-macos-x86_64 1.15 38.00 NOTE
r-oldrel-windows-x86_64 1.15 16.00 69.00 85.00 NOTE

Check Details

Version: 1.15
Check: C++ specification
Result: NOTE Specified C++11: please drop specification unless essential Flavors: r-devel-linux-x86_64-debian-clang, r-devel-linux-x86_64-debian-gcc, r-devel-linux-x86_64-fedora-clang, r-devel-linux-x86_64-fedora-gcc, r-devel-windows-x86_64, r-patched-linux-x86_64, r-release-linux-x86_64, r-release-macos-arm64, r-release-macos-x86_64, r-release-windows-x86_64, r-oldrel-macos-arm64, r-oldrel-macos-x86_64, r-oldrel-windows-x86_64