CRAN Package Check Results for Package ssvd

Last updated on 2022-01-24 15:54:27 CET.

Flavor Version Tinstall Tcheck Ttotal Status Flags
r-devel-linux-x86_64-debian-clang 1.0 1.83 29.64 31.47 NOTE
r-devel-linux-x86_64-debian-gcc 1.0 1.51 23.15 24.66 NOTE
r-devel-linux-x86_64-fedora-clang 1.0 40.53 NOTE
r-devel-linux-x86_64-fedora-gcc 1.0 28.52 NOTE
r-devel-windows-x86_64-new-UL 1.0 16.00 45.00 61.00 NOTE
r-devel-windows-x86_64-new-TK 1.0 NOTE
r-patched-linux-x86_64 1.0 2.16 28.53 30.69 NOTE
r-release-linux-x86_64 1.0 2.10 29.12 31.22 NOTE
r-release-macos-arm64 1.0 NOTE
r-release-macos-x86_64 1.0 NOTE
r-release-windows-ix86+x86_64 1.0 4.00 26.00 30.00 NOTE
r-oldrel-macos-x86_64 1.0 NOTE
r-oldrel-windows-ix86+x86_64 1.0 4.00 25.00 29.00 NOTE

Check Details

Version: 1.0
Check: DESCRIPTION meta-information
Result: NOTE
    Malformed Description field: should contain one or more complete sentences.
Flavors: r-devel-linux-x86_64-debian-clang, r-devel-linux-x86_64-debian-gcc, r-devel-linux-x86_64-fedora-clang, r-devel-linux-x86_64-fedora-gcc, r-devel-windows-x86_64-new-UL, r-devel-windows-x86_64-new-TK, r-patched-linux-x86_64, r-release-linux-x86_64, r-release-macos-arm64, r-release-macos-x86_64, r-release-windows-ix86+x86_64, r-oldrel-macos-x86_64, r-oldrel-windows-ix86+x86_64

Version: 1.0
Check: R code for possible problems
Result: NOTE
    error.est : <anonymous>: no visible global function definition for
     'median'
    holm.robust: no visible global function definition for 'pnorm'
    holm.robust: no visible global function definition for 'median'
    holm.robust: no visible global function definition for 'mad'
    huberize: no visible global function definition for 'quantile'
    ssvd.initial: no visible global function definition for 'mad'
    ssvd.iter.thresh: no visible global function definition for 'mad'
    Undefined global functions or variables:
     mad median pnorm quantile
    Consider adding
     importFrom("stats", "mad", "median", "pnorm", "quantile")
    to your NAMESPACE file.
Flavors: r-devel-linux-x86_64-debian-clang, r-devel-linux-x86_64-debian-gcc, r-devel-linux-x86_64-fedora-clang, r-devel-linux-x86_64-fedora-gcc, r-devel-windows-x86_64-new-UL, r-devel-windows-x86_64-new-TK, r-patched-linux-x86_64, r-release-linux-x86_64, r-release-macos-arm64, r-release-macos-x86_64, r-release-windows-ix86+x86_64, r-oldrel-macos-x86_64, r-oldrel-windows-ix86+x86_64