CRAN Package Check Results for Package stapler

Last updated on 2021-10-20 04:55:35 CEST.

Flavor Version Tinstall Tcheck Ttotal Status Flags
r-devel-linux-x86_64-debian-clang 0.7.1 2.72 46.10 48.82 NOTE --no-vignettes
r-devel-linux-x86_64-debian-gcc 0.7.1 2.38 34.80 37.18 NOTE --no-vignettes
r-devel-linux-x86_64-fedora-clang 0.7.1 1642.45 NOTE
r-devel-linux-x86_64-fedora-gcc 0.7.1 1668.46 NOTE
r-devel-windows-x86_64 0.7.1 6.00 1083.00 1089.00 NOTE
r-devel-windows-x86_64-gcc10-UCRT 0.7.1 NOTE
r-patched-linux-x86_64 0.7.1 3.88 44.59 48.47 NOTE --no-vignettes
r-patched-solaris-x86 0.7.1 88.60 NOTE
r-release-linux-x86_64 0.7.1 2.48 44.44 46.92 NOTE --no-vignettes
r-release-macos-arm64 0.7.1 NOTE
r-release-macos-x86_64 0.7.1 NOTE
r-release-windows-ix86+x86_64 0.7.1 6.00 1563.00 1569.00 NOTE
r-oldrel-macos-x86_64 0.7.1 OK
r-oldrel-windows-ix86+x86_64 0.7.1 8.00 1620.00 1628.00 OK

Check Details

Version: 0.7.1
Flags: --no-vignettes
Check: LazyData
Result: NOTE
     'LazyData' is specified without a 'data' directory
Flavors: r-devel-linux-x86_64-debian-clang, r-devel-linux-x86_64-debian-gcc, r-patched-linux-x86_64, r-release-linux-x86_64

Version: 0.7.1
Check: LazyData
Result: NOTE
     'LazyData' is specified without a 'data' directory
Flavors: r-devel-linux-x86_64-fedora-clang, r-devel-linux-x86_64-fedora-gcc, r-devel-windows-x86_64, r-devel-windows-x86_64-gcc10-UCRT, r-patched-solaris-x86, r-release-macos-arm64, r-release-macos-x86_64, r-release-windows-ix86+x86_64