CRAN Package Check Results for Package stargazer

Last updated on 2024-04-24 04:07:09 CEST.

Flavor Version Tinstall Tcheck Ttotal Status Flags
r-devel-linux-x86_64-debian-clang 5.2.3 15.72 69.80 85.52 NOTE
r-devel-linux-x86_64-debian-gcc 5.2.3 9.89 48.65 58.54 NOTE
r-devel-linux-x86_64-fedora-clang 5.2.3 99.97 NOTE
r-devel-linux-x86_64-fedora-gcc 5.2.3 114.13 NOTE
r-prerel-macos-arm64 5.2.3 30.00 NOTE
r-prerel-windows-x86_64 5.2.3 12.00 71.00 83.00 NOTE
r-patched-linux-x86_64 5.2.3 12.42 62.41 74.83 NOTE
r-release-linux-x86_64 5.2.3 14.22 61.85 76.07 OK
r-release-macos-arm64 5.2.3 35.00 OK
r-release-macos-x86_64 5.2.3 57.00 OK
r-release-windows-x86_64 5.2.3 12.00 79.00 91.00 OK
r-oldrel-macos-arm64 5.2.3 30.00 OK
r-oldrel-windows-x86_64 5.2.3 16.00 88.00 104.00 OK

Check Details

Version: 5.2.3
Check: Rd files
Result: NOTE checkRd: (-1) stargazer.Rd:229: Lost braces 229 | \item{report}{a character string containing only elements of {\code{"v"}, \code{"c"}, \code{"s"},\code{"t"}, \code{"p"}, \code{"*"}} that determines whether, and in which order, variable names (\code{"v"}), coefficients (\code{"c"}), standard errors/confidence intervals (\code{"s"}), test statistics (\code{"t"}) and p-values (\code{"p"}) should be reported in regression tables. If one of the aforementioned letters is followed by an asterisk (\code{"*"}), significance stars will be reported next to the corresponding statistic.} | ^ checkRd: (-1) stargazer.Rd:246: Lost braces 246 | \item{table.placement}{a character string containing only elements of {\code{"h"}, \code{"t"},\code{"b"}, \code{"p"}, \code{"!"}, \code{"H"}} that determines the table placement in its LaTeX floating environment.} | ^ Flavors: r-devel-linux-x86_64-debian-clang, r-devel-linux-x86_64-debian-gcc, r-devel-linux-x86_64-fedora-clang, r-devel-linux-x86_64-fedora-gcc, r-prerel-macos-arm64, r-prerel-windows-x86_64, r-patched-linux-x86_64