CRAN Package Check Results for Package starma

Last updated on 2021-09-22 01:49:13 CEST.

Flavor Version Tinstall Tcheck Ttotal Status Flags
r-devel-linux-x86_64-debian-clang 1.3 57.98 67.72 125.70 OK
r-devel-linux-x86_64-debian-gcc 1.3 40.06 51.39 91.45 OK
r-devel-linux-x86_64-fedora-clang 1.3 172.47 NOTE
r-devel-linux-x86_64-fedora-gcc 1.3 152.43 NOTE
r-devel-windows-x86_64 1.3 49.00 82.00 131.00 OK
r-devel-windows-x86_64-gcc10-UCRT 1.3 ERROR
r-patched-linux-x86_64 1.3 45.24 63.95 109.19 OK
r-patched-solaris-x86 1.3 167.70 OK
r-release-linux-x86_64 1.3 46.81 63.51 110.32 OK
r-release-macos-arm64 1.3 OK
r-release-macos-x86_64 1.3 OK
r-release-windows-ix86+x86_64 1.3 127.00 110.00 237.00 OK
r-oldrel-macos-x86_64 1.3 OK
r-oldrel-windows-ix86+x86_64 1.3 123.00 107.00 230.00 OK

Check Details

Version: 1.3
Check: compiled code
Result: NOTE
    File ‘starma/libs/starma.so’:
     Found no calls to: ‘R_registerRoutines’, ‘R_useDynamicSymbols’
    
    It is good practice to register native routines and to disable symbol
    search.
    
    See ‘Writing portable packages’ in the ‘Writing R Extensions’ manual.
Flavors: r-devel-linux-x86_64-fedora-clang, r-devel-linux-x86_64-fedora-gcc

Version: 1.3
Check: whether package can be installed
Result: ERROR
    Installation failed.
Flavor: r-devel-windows-x86_64-gcc10-UCRT