CRAN Package Check Results for Package startR

Last updated on 2021-09-16 16:50:30 CEST.

Flavor Version Tinstall Tcheck Ttotal Status Flags
r-devel-linux-x86_64-debian-clang 2.1.0 18.05 114.00 132.05 NOTE
r-devel-linux-x86_64-debian-gcc 2.1.0 15.31 83.77 99.08 NOTE
r-devel-linux-x86_64-fedora-clang 2.1.0 166.40 NOTE
r-devel-linux-x86_64-fedora-gcc 2.1.0 155.99 NOTE
r-devel-windows-x86_64 2.1.0 31.00 131.00 162.00 NOTE
r-devel-windows-x86_64-gcc10-UCRT 2.1.0 NOTE
r-patched-linux-x86_64 2.1.0 18.21 105.52 123.73 NOTE
r-patched-solaris-x86 2.1.0 206.50 NOTE
r-release-linux-x86_64 2.1.0 17.08 105.64 122.72 NOTE
r-release-macos-arm64 2.1.0 NOTE
r-release-macos-x86_64 2.1.0 NOTE
r-release-windows-ix86+x86_64 2.1.0 40.00 99.00 139.00 NOTE
r-oldrel-macos-x86_64 2.1.0 OK
r-oldrel-windows-ix86+x86_64 2.1.0 39.00 119.00 158.00 OK

Check Details

Version: 2.1.0
Check: LazyData
Result: NOTE
     'LazyData' is specified without a 'data' directory
Flavors: r-devel-linux-x86_64-debian-clang, r-devel-linux-x86_64-debian-gcc, r-devel-linux-x86_64-fedora-clang, r-devel-linux-x86_64-fedora-gcc, r-devel-windows-x86_64, r-devel-windows-x86_64-gcc10-UCRT, r-patched-linux-x86_64, r-patched-solaris-x86, r-release-linux-x86_64, r-release-macos-arm64, r-release-macos-x86_64, r-release-windows-ix86+x86_64