CRAN Package Check Results for Package states

Last updated on 2021-09-18 22:53:17 CEST.

Flavor Version Tinstall Tcheck Ttotal Status Flags
r-devel-linux-x86_64-debian-clang 0.3.1 5.29 60.09 65.38 OK
r-devel-linux-x86_64-debian-gcc 0.3.1 3.75 45.38 49.13 OK
r-devel-linux-x86_64-fedora-clang 0.3.1 87.25 OK
r-devel-linux-x86_64-fedora-gcc 0.3.1 74.56 OK
r-devel-windows-x86_64 0.3.1 7.00 99.00 106.00 OK
r-devel-windows-x86_64-gcc10-UCRT 0.3.1 OK
r-patched-linux-x86_64 0.3.1 4.28 57.84 62.12 OK
r-patched-solaris-x86 0.3.1 113.10 OK
r-release-linux-x86_64 0.3.1 4.16 57.54 61.70 OK
r-release-macos-arm64 0.3.1 OK
r-release-macos-x86_64 0.3.1 WARN
r-release-windows-ix86+x86_64 0.3.1 11.00 70.00 81.00 OK
r-oldrel-macos-x86_64 0.3.1 WARN
r-oldrel-windows-ix86+x86_64 0.3.1 11.00 69.00 80.00 OK

Check Details

Version: 0.3.1
Check: re-building of vignette outputs
Result: WARN
    Error(s) in re-building vignettes:
     ...
    --- re-building ‘differences-gw-cow.Rmd’ using rmarkdown
    Warning in engine$weave(file, quiet = quiet, encoding = enc) :
     Pandoc (>= 1.12.3) not available. Falling back to R Markdown v1.
    --- finished re-building ‘differences-gw-cow.Rmd’
    
    --- re-building ‘statelists.Rmd’ using rmarkdown
    Warning in engine$weave(file, quiet = quiet, encoding = enc) :
     Pandoc (>= 1.12.3) not available. Falling back to R Markdown v1.
    Quitting from lines 28-30 (statelists.Rmd)
    Error: processing vignette 'statelists.Rmd' failed with diagnostics:
    invalid 'path' argument
    --- failed re-building ‘statelists.Rmd’
    
    SUMMARY: processing the following file failed:
     ‘statelists.Rmd’
    
    Error: Vignette re-building failed.
    Execution halted
Flavor: r-release-macos-x86_64

Version: 0.3.1
Check: re-building of vignette outputs
Result: WARN
    Error(s) in re-building vignettes:
     ...
    --- re-building ‘differences-gw-cow.Rmd’ using rmarkdown
    Warning in engine$weave(file, quiet = quiet, encoding = enc) :
     Pandoc (>= 1.12.3) not available. Falling back to R Markdown v1.
    --- finished re-building ‘differences-gw-cow.Rmd’
    
    --- re-building ‘statelists.Rmd’ using rmarkdown
    Warning in engine$weave(file, quiet = quiet, encoding = enc) :
     Pandoc (>= 1.12.3) not available. Falling back to R Markdown v1.
    Quitting from lines 28-30 (statelists.Rmd)
    Error: processing vignette 'statelists.Rmd' failed with diagnostics:
    subscript out of bounds
    --- failed re-building ‘statelists.Rmd’
    
    SUMMARY: processing the following file failed:
     ‘statelists.Rmd’
    
    Error: Vignette re-building failed.
    Execution halted
Flavor: r-oldrel-macos-x86_64