CRAN Package Check Results for Package stationery

Last updated on 2021-10-18 22:56:21 CEST.

Flavor Version Tinstall Tcheck Ttotal Status Flags
r-devel-linux-x86_64-debian-clang 1.0 4.26 78.25 82.51 OK
r-devel-linux-x86_64-debian-gcc 1.0 3.45 63.37 66.82 OK
r-devel-linux-x86_64-fedora-clang 1.0 109.43 OK
r-devel-linux-x86_64-fedora-gcc 1.0 97.41 OK
r-devel-windows-x86_64 1.0 9.00 116.00 125.00 OK
r-devel-windows-x86_64-gcc10-UCRT 1.0 OK
r-patched-linux-x86_64 1.0 4.71 83.62 88.33 OK
r-patched-solaris-x86 1.0 99.10 OK
r-release-linux-x86_64 1.0 4.29 82.98 87.27 OK
r-release-macos-arm64 0.98.30 NOTE
r-release-macos-x86_64 1.0 OK
r-release-windows-ix86+x86_64 1.0 8.00 109.00 117.00 OK
r-oldrel-macos-x86_64 1.0 OK
r-oldrel-windows-ix86+x86_64 1.0 8.00 107.00 115.00 OK

Check Details

Version: 0.98.30
Check: LazyData
Result: NOTE
     'LazyData' is specified without a 'data' directory
Flavor: r-release-macos-arm64